{"id":91,"date":"2022-12-03T11:12:35","date_gmt":"2022-12-03T10:12:35","guid":{"rendered":"https:\/\/techpoint-dev.local\/speaker\/torbjorn-f-folgero\/"},"modified":"2022-12-30T09:21:23","modified_gmt":"2022-12-30T08:21:23","slug":"torbjorn-f-folgero","status":"publish","type":"speaker","link":"https:\/\/techpointconference.no\/en\/speaker\/torbjorn-f-folgero\/","title":{"rendered":"Torbj\u00f8rn F. Folger\u00f8"},"content":{"rendered":"<p>Torbj\u00f8rn leads Equinor\u2019s digital centre of excellence and the execution of a company-wide digital roadmap. Torbj\u00f8rn has worked for Equinor since 2008. His previous positions include Vice president for operational analytics, advisor to Equinor\u2019s president &amp; CEO, and various leadership positions within procurement and supply chain management. Before joining Equinor, Torbj\u00f8rn worked as a management consultant at Deloitte Consulting.<\/p>\n<p>Torbj\u00f8rn holds an MSc in Industrial economics and technology management from the Norwegian university of science and technology (NTNU) as well as a Master of Business Administration (MBA) from ESADE Business School in Spain and Duke University&#8217;s Fuqua School of Business in the US.<\/p>\n","protected":false},"featured_media":92,"template":"","Conference years":[6],"class_list":["post-91","speaker","type-speaker","status-publish","has-post-thumbnail","hentry","conference-year-past-speakers"],"acf":[],"yoast_head":"<!-- This site is optimized with the Yoast SEO plugin v27.0 - https:\/\/yoast.com\/product\/yoast-seo-wordpress\/ -->\n<title>Torbj\u00f8rn F. Folger\u00f8 - Techpoint 2026 (en)<\/title>\n<meta name=\"robots\" content=\"index, follow, max-snippet:-1, max-image-preview:large, max-video-preview:-1\" \/>\n<link rel=\"canonical\" href=\"https:\/\/techpointconference.no\/en\/blog\/speaker\/torbjorn-f-folgero\/\" \/>\n<meta property=\"og:locale\" content=\"en_GB\" \/>\n<meta property=\"og:type\" content=\"article\" \/>\n<meta property=\"og:title\" content=\"Torbj\u00f8rn F. Folger\u00f8 - Techpoint 2026 (en)\" \/>\n<meta property=\"og:description\" content=\"Torbj\u00f8rn leads Equinor\u2019s digital centre of excellence and the execution of a company-wide digital roadmap. Torbj\u00f8rn has worked for Equinor since 2008. His previous positions include Vice president for operational analytics, advisor to Equinor\u2019s president &amp; CEO, and various leadership positions within procurement and supply chain management. Before joining Equinor, Torbj\u00f8rn worked as a management [&hellip;]\" \/>\n<meta property=\"og:url\" content=\"https:\/\/techpointconference.no\/en\/blog\/speaker\/torbjorn-f-folgero\/\" \/>\n<meta property=\"og:site_name\" content=\"Techpoint 2026 (en)\" \/>\n<meta property=\"article:modified_time\" content=\"2022-12-30T08:21:23+00:00\" \/>\n<meta property=\"og:image\" content=\"https:\/\/techpointconference.no\/en\/wp-content\/uploads\/sites\/2\/2022\/12\/Photo_-Torbjorn-Folgero_-Equinor-1.jpg\" \/>\n\t<meta property=\"og:image:width\" content=\"1281\" \/>\n\t<meta property=\"og:image:height\" content=\"1080\" \/>\n\t<meta property=\"og:image:type\" content=\"image\/jpeg\" \/>\n<meta name=\"twitter:card\" content=\"summary_large_image\" \/>\n<meta name=\"twitter:label1\" content=\"Estimated reading time\" \/>\n\t<meta name=\"twitter:data1\" content=\"1 minute\" \/>\n<script type=\"application\/ld+json\" class=\"yoast-schema-graph\">{\"@context\":\"https:\/\/schema.org\",\"@graph\":[{\"@type\":\"WebPage\",\"@id\":\"https:\/\/techpointconference.no\/en\/blog\/speaker\/torbjorn-f-folgero\/\",\"url\":\"https:\/\/techpointconference.no\/en\/blog\/speaker\/torbjorn-f-folgero\/\",\"name\":\"Torbj\u00f8rn F. Folger\u00f8 - Techpoint 2026 (en)\",\"isPartOf\":{\"@id\":\"https:\/\/techpointconference.no\/en\/#website\"},\"primaryImageOfPage\":{\"@id\":\"https:\/\/techpointconference.no\/en\/blog\/speaker\/torbjorn-f-folgero\/#primaryimage\"},\"image\":{\"@id\":\"https:\/\/techpointconference.no\/en\/blog\/speaker\/torbjorn-f-folgero\/#primaryimage\"},\"thumbnailUrl\":\"https:\/\/techpointconference.no\/en\/wp-content\/uploads\/sites\/2\/2022\/12\/Photo_-Torbjorn-Folgero_-Equinor-1.jpg\",\"datePublished\":\"2022-12-03T10:12:35+00:00\",\"dateModified\":\"2022-12-30T08:21:23+00:00\",\"breadcrumb\":{\"@id\":\"https:\/\/techpointconference.no\/en\/blog\/speaker\/torbjorn-f-folgero\/#breadcrumb\"},\"inLanguage\":\"en-GB\",\"potentialAction\":[{\"@type\":\"ReadAction\",\"target\":[\"https:\/\/techpointconference.no\/en\/blog\/speaker\/torbjorn-f-folgero\/\"]}]},{\"@type\":\"ImageObject\",\"inLanguage\":\"en-GB\",\"@id\":\"https:\/\/techpointconference.no\/en\/blog\/speaker\/torbjorn-f-folgero\/#primaryimage\",\"url\":\"https:\/\/techpointconference.no\/en\/wp-content\/uploads\/sites\/2\/2022\/12\/Photo_-Torbjorn-Folgero_-Equinor-1.jpg\",\"contentUrl\":\"https:\/\/techpointconference.no\/en\/wp-content\/uploads\/sites\/2\/2022\/12\/Photo_-Torbjorn-Folgero_-Equinor-1.jpg\",\"width\":1281,\"height\":1080},{\"@type\":\"BreadcrumbList\",\"@id\":\"https:\/\/techpointconference.no\/en\/blog\/speaker\/torbjorn-f-folgero\/#breadcrumb\",\"itemListElement\":[{\"@type\":\"ListItem\",\"position\":1,\"name\":\"Hjem\",\"item\":\"https:\/\/techpointconference.no\/en\/\"},{\"@type\":\"ListItem\",\"position\":2,\"name\":\"Torbj\u00f8rn F. Folger\u00f8\"}]},{\"@type\":\"WebSite\",\"@id\":\"https:\/\/techpointconference.no\/en\/#website\",\"url\":\"https:\/\/techpointconference.no\/en\/\",\"name\":\"Techpoint 2026\",\"description\":\"Norway\u2019s Leading Arena for AI and Business\",\"potentialAction\":[{\"@type\":\"SearchAction\",\"target\":{\"@type\":\"EntryPoint\",\"urlTemplate\":\"https:\/\/techpointconference.no\/en\/?s={search_term_string}\"},\"query-input\":{\"@type\":\"PropertyValueSpecification\",\"valueRequired\":true,\"valueName\":\"search_term_string\"}}],\"inLanguage\":\"en-GB\"}]}<\/script>\n<!-- \/ Yoast SEO plugin. -->","yoast_head_json":{"title":"Torbj\u00f8rn F. Folger\u00f8 - Techpoint 2026 (en)","robots":{"index":"index","follow":"follow","max-snippet":"max-snippet:-1","max-image-preview":"max-image-preview:large","max-video-preview":"max-video-preview:-1"},"canonical":"https:\/\/techpointconference.no\/en\/blog\/speaker\/torbjorn-f-folgero\/","og_locale":"en_GB","og_type":"article","og_title":"Torbj\u00f8rn F. Folger\u00f8 - Techpoint 2026 (en)","og_description":"Torbj\u00f8rn leads Equinor\u2019s digital centre of excellence and the execution of a company-wide digital roadmap. Torbj\u00f8rn has worked for Equinor since 2008. His previous positions include Vice president for operational analytics, advisor to Equinor\u2019s president &amp; CEO, and various leadership positions within procurement and supply chain management. Before joining Equinor, Torbj\u00f8rn worked as a management [&hellip;]","og_url":"https:\/\/techpointconference.no\/en\/blog\/speaker\/torbjorn-f-folgero\/","og_site_name":"Techpoint 2026 (en)","article_modified_time":"2022-12-30T08:21:23+00:00","og_image":[{"width":1281,"height":1080,"url":"https:\/\/techpointconference.no\/en\/wp-content\/uploads\/sites\/2\/2022\/12\/Photo_-Torbjorn-Folgero_-Equinor-1.jpg","type":"image\/jpeg"}],"twitter_card":"summary_large_image","twitter_misc":{"Estimated reading time":"1 minute"},"schema":{"@context":"https:\/\/schema.org","@graph":[{"@type":"WebPage","@id":"https:\/\/techpointconference.no\/en\/blog\/speaker\/torbjorn-f-folgero\/","url":"https:\/\/techpointconference.no\/en\/blog\/speaker\/torbjorn-f-folgero\/","name":"Torbj\u00f8rn F. Folger\u00f8 - Techpoint 2026 (en)","isPartOf":{"@id":"https:\/\/techpointconference.no\/en\/#website"},"primaryImageOfPage":{"@id":"https:\/\/techpointconference.no\/en\/blog\/speaker\/torbjorn-f-folgero\/#primaryimage"},"image":{"@id":"https:\/\/techpointconference.no\/en\/blog\/speaker\/torbjorn-f-folgero\/#primaryimage"},"thumbnailUrl":"https:\/\/techpointconference.no\/en\/wp-content\/uploads\/sites\/2\/2022\/12\/Photo_-Torbjorn-Folgero_-Equinor-1.jpg","datePublished":"2022-12-03T10:12:35+00:00","dateModified":"2022-12-30T08:21:23+00:00","breadcrumb":{"@id":"https:\/\/techpointconference.no\/en\/blog\/speaker\/torbjorn-f-folgero\/#breadcrumb"},"inLanguage":"en-GB","potentialAction":[{"@type":"ReadAction","target":["https:\/\/techpointconference.no\/en\/blog\/speaker\/torbjorn-f-folgero\/"]}]},{"@type":"ImageObject","inLanguage":"en-GB","@id":"https:\/\/techpointconference.no\/en\/blog\/speaker\/torbjorn-f-folgero\/#primaryimage","url":"https:\/\/techpointconference.no\/en\/wp-content\/uploads\/sites\/2\/2022\/12\/Photo_-Torbjorn-Folgero_-Equinor-1.jpg","contentUrl":"https:\/\/techpointconference.no\/en\/wp-content\/uploads\/sites\/2\/2022\/12\/Photo_-Torbjorn-Folgero_-Equinor-1.jpg","width":1281,"height":1080},{"@type":"BreadcrumbList","@id":"https:\/\/techpointconference.no\/en\/blog\/speaker\/torbjorn-f-folgero\/#breadcrumb","itemListElement":[{"@type":"ListItem","position":1,"name":"Hjem","item":"https:\/\/techpointconference.no\/en\/"},{"@type":"ListItem","position":2,"name":"Torbj\u00f8rn F. Folger\u00f8"}]},{"@type":"WebSite","@id":"https:\/\/techpointconference.no\/en\/#website","url":"https:\/\/techpointconference.no\/en\/","name":"Techpoint 2026","description":"Norway\u2019s Leading Arena for AI and Business","potentialAction":[{"@type":"SearchAction","target":{"@type":"EntryPoint","urlTemplate":"https:\/\/techpointconference.no\/en\/?s={search_term_string}"},"query-input":{"@type":"PropertyValueSpecification","valueRequired":true,"valueName":"search_term_string"}}],"inLanguage":"en-GB"}]}},"_links":{"self":[{"href":"https:\/\/techpointconference.no\/en\/wp-json\/wp\/v2\/speaker\/91","targetHints":{"allow":["GET"]}}],"collection":[{"href":"https:\/\/techpointconference.no\/en\/wp-json\/wp\/v2\/speaker"}],"about":[{"href":"https:\/\/techpointconference.no\/en\/wp-json\/wp\/v2\/types\/speaker"}],"wp:featuredmedia":[{"embeddable":true,"href":"https:\/\/techpointconference.no\/en\/wp-json\/wp\/v2\/media\/92"}],"wp:attachment":[{"href":"https:\/\/techpointconference.no\/en\/wp-json\/wp\/v2\/media?parent=91"}],"wp:term":[{"taxonomy":"conference-year","embeddable":true,"href":"https:\/\/techpointconference.no\/en\/wp-json\/wp\/v2\/Conference years?post=91"}],"curies":[{"name":"wp","href":"https:\/\/api.w.org\/{rel}","templated":true}]}}

Torbjørn F. Folgerø

<p>Torbjørn leads Equinor’s digital centre of excellence and the execution of a company-wide digital roadmap. Torbjørn has worked for Equinor since 2008. His previous positions include Vice president for operational analytics, advisor to Equinor’s president &amp; CEO, and various leadership positions within procurement and supply chain management. Before joining Equinor, Torbjørn worked as a management consultant at Deloitte Consulting.</p>
<p>Torbjørn holds an MSc in Industrial economics and technology management from the Norwegian university of science and technology (NTNU) as well as a Master of Business Administration (MBA) from ESADE Business School in Spain and Duke University&#8217;s Fuqua School of Business in the US.</p>

<!-- This site is optimized with the Yoast SEO plugin v27.0 - https://yoast.com/product/yoast-seo-wordpress/ -->
<title>Torbjørn F. Folgerø - Techpoint 2026 (en)</title>
<meta name="robots" content="index, follow, max-snippet:-1, max-image-preview:large, max-video-preview:-1" />
<link rel="canonical" href="https://techpointconference.no/en/blog/speaker/torbjorn-f-folgero/" />
<meta property="og:locale" content="en_GB" />
<meta property="og:type" content="article" />
<meta property="og:title" content="Torbjørn F. Folgerø - Techpoint 2026 (en)" />
<meta property="og:description" content="Torbjørn leads Equinor’s digital centre of excellence and the execution of a company-wide digital roadmap. Torbjørn has worked for Equinor since 2008. His previous positions include Vice president for operational analytics, advisor to Equinor’s president &amp; CEO, and various leadership positions within procurement and supply chain management. Before joining Equinor, Torbjørn worked as a management [&hellip;]" />
<meta property="og:url" content="https://techpointconference.no/en/blog/speaker/torbjorn-f-folgero/" />
<meta property="og:site_name" content="Techpoint 2026 (en)" />
<meta property="article:modified_time" content="2022-12-30T08:21:23+00:00" />
<meta property="og:image" content="https://techpointconference.no/en/wp-content/uploads/sites/2/2022/12/Photo_-Torbjorn-Folgero_-Equinor-1.jpg" />
	<meta property="og:image:width" content="1281" />
	<meta property="og:image:height" content="1080" />
	<meta property="og:image:type" content="image/jpeg" />
<meta name="twitter:card" content="summary_large_image" />
<meta name="twitter:label1" content="Estimated reading time" />
	<meta name="twitter:data1" content="1 minute" />
<script type="application/ld+json" class="yoast-schema-graph">{"@context":"https://schema.org","@graph":[{"@type":"WebPage","@id":"https://techpointconference.no/en/blog/speaker/torbjorn-f-folgero/","url":"https://techpointconference.no/en/blog/speaker/torbjorn-f-folgero/","name":"Torbjørn F. Folgerø - Techpoint 2026 (en)","isPartOf":{"@id":"https://techpointconference.no/en/#website"},"primaryImageOfPage":{"@id":"https://techpointconference.no/en/blog/speaker/torbjorn-f-folgero/#primaryimage"},"image":{"@id":"https://techpointconference.no/en/blog/speaker/torbjorn-f-folgero/#primaryimage"},"thumbnailUrl":"https://techpointconference.no/en/wp-content/uploads/sites/2/2022/12/Photo_-Torbjorn-Folgero_-Equinor-1.jpg","datePublished":"2022-12-03T10:12:35+00:00","dateModified":"2022-12-30T08:21:23+00:00","breadcrumb":{"@id":"https://techpointconference.no/en/blog/speaker/torbjorn-f-folgero/#breadcrumb"},"inLanguage":"en-GB","potentialAction":[{"@type":"ReadAction","target":["https://techpointconference.no/en/blog/speaker/torbjorn-f-folgero/"]}]},{"@type":"ImageObject","inLanguage":"en-GB","@id":"https://techpointconference.no/en/blog/speaker/torbjorn-f-folgero/#primaryimage","url":"https://techpointconference.no/en/wp-content/uploads/sites/2/2022/12/Photo_-Torbjorn-Folgero_-Equinor-1.jpg","contentUrl":"https://techpointconference.no/en/wp-content/uploads/sites/2/2022/12/Photo_-Torbjorn-Folgero_-Equinor-1.jpg","width":1281,"height":1080},{"@type":"BreadcrumbList","@id":"https://techpointconference.no/en/blog/speaker/torbjorn-f-folgero/#breadcrumb","itemListElement":[{"@type":"ListItem","position":1,"name":"Hjem","item":"https://techpointconference.no/en/"},{"@type":"ListItem","position":2,"name":"Torbjørn F. Folgerø"}]},{"@type":"WebSite","@id":"https://techpointconference.no/en/#website","url":"https://techpointconference.no/en/","name":"Techpoint 2026","description":"Norway’s Leading Arena for AI and Business","potentialAction":[{"@type":"SearchAction","target":{"@type":"EntryPoint","urlTemplate":"https://techpointconference.no/en/?s={search_term_string}"},"query-input":{"@type":"PropertyValueSpecification","valueRequired":true,"valueName":"search_term_string"}}],"inLanguage":"en-GB"}]}</script>
<!-- / Yoast SEO plugin. -->

Torbjørn F. Folgerø - Techpoint 2026 (en)

Torbjørn leads Equinor’s digital centre of excellence and the execution of a company-wide digital roadmap. Torbjørn has worked for Equinor since 2008. His previous positions include Vice president for operational analytics, advisor to Equinor’s president &amp; CEO, and various leadership positions within procurement and supply chain management. Before joining Equinor, Torbjørn worked as a management [&hellip;]
