{"id":316,"date":"2022-12-03T11:14:43","date_gmt":"2022-12-03T10:14:43","guid":{"rendered":"https:\/\/techpoint-dev.local\/speaker\/idar-kreutzer\/"},"modified":"2022-12-03T11:14:43","modified_gmt":"2022-12-03T10:14:43","slug":"idar-kreutzer","status":"publish","type":"speaker","link":"https:\/\/techpointconference.no\/en\/speaker\/idar-kreutzer\/","title":{"rendered":"Idar Kreutzer"},"content":{"rendered":"<p>Idar Kreutzer er administrerende direkt\u00f8r i Finans Norge. Han var konsernsjef i Storebrand fra 2000 til 2012. Kreutzer har hatt en rekke ulike styreverv, og er i dag styreleder i Posten Norge og i Aschehoug Forlag.<\/p>\n<p>Han er styremedlem ved Universitetet i Oslo, og medlem i Norges Handelsh\u00f8yskoles Advisory Board. I oktober 2018 overleverte Kreutzer sin rapport om tilgangen til risikokapital i Norden, p\u00e5 oppdrag fra Nordisk Ministerr\u00e5d. I juni 2015 til oktober 2016 ledet han regjeringens ekspertutvalg for gr\u00f8nn konkurransekraft, og han er medlem av Klima- og milj\u00f8ministerens klimar\u00e5d.<\/p>\n<p>I 2013 ble han valgt som medlem i Strategir\u00e5det for Statens pensjonsfond utland. Fra 2001 til 2012 var han r\u00e5dsmedlem i WBCSD, og var Co-Chair for prosjektet Vision 2050. Kreutzer er utdannet sivil\u00f8konom ved Norges Handelsh\u00f8yskole.<\/p>\n","protected":false},"featured_media":317,"template":"","Conference years":[6],"class_list":["post-316","speaker","type-speaker","status-publish","has-post-thumbnail","hentry","conference-year-past-speakers"],"acf":[],"yoast_head":"<!-- This site is optimized with the Yoast SEO plugin v27.0 - https:\/\/yoast.com\/product\/yoast-seo-wordpress\/ -->\n<title>Idar Kreutzer - Techpoint 2026 (en)<\/title>\n<meta name=\"robots\" content=\"index, follow, max-snippet:-1, max-image-preview:large, max-video-preview:-1\" \/>\n<link rel=\"canonical\" href=\"https:\/\/techpointconference.no\/en\/blog\/speaker\/idar-kreutzer\/\" \/>\n<meta property=\"og:locale\" content=\"en_GB\" \/>\n<meta property=\"og:type\" content=\"article\" \/>\n<meta property=\"og:title\" content=\"Idar Kreutzer - Techpoint 2026 (en)\" \/>\n<meta property=\"og:description\" content=\"Idar Kreutzer er administrerende direkt\u00f8r i Finans Norge. Han var konsernsjef i Storebrand fra 2000 til 2012. Kreutzer har hatt en rekke ulike styreverv, og er i dag styreleder i Posten Norge og i Aschehoug Forlag. Han er styremedlem ved Universitetet i Oslo, og medlem i Norges Handelsh\u00f8yskoles Advisory Board. I oktober 2018 overleverte Kreutzer [&hellip;]\" \/>\n<meta property=\"og:url\" content=\"https:\/\/techpointconference.no\/en\/blog\/speaker\/idar-kreutzer\/\" \/>\n<meta property=\"og:site_name\" content=\"Techpoint 2026 (en)\" \/>\n<meta property=\"og:image\" content=\"https:\/\/techpointconference.no\/en\/wp-content\/uploads\/sites\/2\/2022\/12\/0000900383.jpeg\" \/>\n\t<meta property=\"og:image:width\" content=\"900\" \/>\n\t<meta property=\"og:image:height\" content=\"600\" \/>\n\t<meta property=\"og:image:type\" content=\"image\/jpeg\" \/>\n<meta name=\"twitter:card\" content=\"summary_large_image\" \/>\n<meta name=\"twitter:label1\" content=\"Estimated reading time\" \/>\n\t<meta name=\"twitter:data1\" content=\"1 minute\" \/>\n<script type=\"application\/ld+json\" class=\"yoast-schema-graph\">{\"@context\":\"https:\/\/schema.org\",\"@graph\":[{\"@type\":\"WebPage\",\"@id\":\"https:\/\/techpointconference.no\/en\/blog\/speaker\/idar-kreutzer\/\",\"url\":\"https:\/\/techpointconference.no\/en\/blog\/speaker\/idar-kreutzer\/\",\"name\":\"Idar Kreutzer - Techpoint 2026 (en)\",\"isPartOf\":{\"@id\":\"https:\/\/techpointconference.no\/en\/#website\"},\"primaryImageOfPage\":{\"@id\":\"https:\/\/techpointconference.no\/en\/blog\/speaker\/idar-kreutzer\/#primaryimage\"},\"image\":{\"@id\":\"https:\/\/techpointconference.no\/en\/blog\/speaker\/idar-kreutzer\/#primaryimage\"},\"thumbnailUrl\":\"https:\/\/techpointconference.no\/en\/wp-content\/uploads\/sites\/2\/2022\/12\/0000900383.jpeg\",\"datePublished\":\"2022-12-03T10:14:43+00:00\",\"breadcrumb\":{\"@id\":\"https:\/\/techpointconference.no\/en\/blog\/speaker\/idar-kreutzer\/#breadcrumb\"},\"inLanguage\":\"en-GB\",\"potentialAction\":[{\"@type\":\"ReadAction\",\"target\":[\"https:\/\/techpointconference.no\/en\/blog\/speaker\/idar-kreutzer\/\"]}]},{\"@type\":\"ImageObject\",\"inLanguage\":\"en-GB\",\"@id\":\"https:\/\/techpointconference.no\/en\/blog\/speaker\/idar-kreutzer\/#primaryimage\",\"url\":\"https:\/\/techpointconference.no\/en\/wp-content\/uploads\/sites\/2\/2022\/12\/0000900383.jpeg\",\"contentUrl\":\"https:\/\/techpointconference.no\/en\/wp-content\/uploads\/sites\/2\/2022\/12\/0000900383.jpeg\",\"width\":900,\"height\":600},{\"@type\":\"BreadcrumbList\",\"@id\":\"https:\/\/techpointconference.no\/en\/blog\/speaker\/idar-kreutzer\/#breadcrumb\",\"itemListElement\":[{\"@type\":\"ListItem\",\"position\":1,\"name\":\"Hjem\",\"item\":\"https:\/\/techpointconference.no\/en\/\"},{\"@type\":\"ListItem\",\"position\":2,\"name\":\"Idar Kreutzer\"}]},{\"@type\":\"WebSite\",\"@id\":\"https:\/\/techpointconference.no\/en\/#website\",\"url\":\"https:\/\/techpointconference.no\/en\/\",\"name\":\"Techpoint 2026\",\"description\":\"Norway\u2019s Leading Arena for AI and Business\",\"potentialAction\":[{\"@type\":\"SearchAction\",\"target\":{\"@type\":\"EntryPoint\",\"urlTemplate\":\"https:\/\/techpointconference.no\/en\/?s={search_term_string}\"},\"query-input\":{\"@type\":\"PropertyValueSpecification\",\"valueRequired\":true,\"valueName\":\"search_term_string\"}}],\"inLanguage\":\"en-GB\"}]}<\/script>\n<!-- \/ Yoast SEO plugin. -->","yoast_head_json":{"title":"Idar Kreutzer - Techpoint 2026 (en)","robots":{"index":"index","follow":"follow","max-snippet":"max-snippet:-1","max-image-preview":"max-image-preview:large","max-video-preview":"max-video-preview:-1"},"canonical":"https:\/\/techpointconference.no\/en\/blog\/speaker\/idar-kreutzer\/","og_locale":"en_GB","og_type":"article","og_title":"Idar Kreutzer - Techpoint 2026 (en)","og_description":"Idar Kreutzer er administrerende direkt\u00f8r i Finans Norge. Han var konsernsjef i Storebrand fra 2000 til 2012. Kreutzer har hatt en rekke ulike styreverv, og er i dag styreleder i Posten Norge og i Aschehoug Forlag. Han er styremedlem ved Universitetet i Oslo, og medlem i Norges Handelsh\u00f8yskoles Advisory Board. I oktober 2018 overleverte Kreutzer [&hellip;]","og_url":"https:\/\/techpointconference.no\/en\/blog\/speaker\/idar-kreutzer\/","og_site_name":"Techpoint 2026 (en)","og_image":[{"width":900,"height":600,"url":"https:\/\/techpointconference.no\/en\/wp-content\/uploads\/sites\/2\/2022\/12\/0000900383.jpeg","type":"image\/jpeg"}],"twitter_card":"summary_large_image","twitter_misc":{"Estimated reading time":"1 minute"},"schema":{"@context":"https:\/\/schema.org","@graph":[{"@type":"WebPage","@id":"https:\/\/techpointconference.no\/en\/blog\/speaker\/idar-kreutzer\/","url":"https:\/\/techpointconference.no\/en\/blog\/speaker\/idar-kreutzer\/","name":"Idar Kreutzer - Techpoint 2026 (en)","isPartOf":{"@id":"https:\/\/techpointconference.no\/en\/#website"},"primaryImageOfPage":{"@id":"https:\/\/techpointconference.no\/en\/blog\/speaker\/idar-kreutzer\/#primaryimage"},"image":{"@id":"https:\/\/techpointconference.no\/en\/blog\/speaker\/idar-kreutzer\/#primaryimage"},"thumbnailUrl":"https:\/\/techpointconference.no\/en\/wp-content\/uploads\/sites\/2\/2022\/12\/0000900383.jpeg","datePublished":"2022-12-03T10:14:43+00:00","breadcrumb":{"@id":"https:\/\/techpointconference.no\/en\/blog\/speaker\/idar-kreutzer\/#breadcrumb"},"inLanguage":"en-GB","potentialAction":[{"@type":"ReadAction","target":["https:\/\/techpointconference.no\/en\/blog\/speaker\/idar-kreutzer\/"]}]},{"@type":"ImageObject","inLanguage":"en-GB","@id":"https:\/\/techpointconference.no\/en\/blog\/speaker\/idar-kreutzer\/#primaryimage","url":"https:\/\/techpointconference.no\/en\/wp-content\/uploads\/sites\/2\/2022\/12\/0000900383.jpeg","contentUrl":"https:\/\/techpointconference.no\/en\/wp-content\/uploads\/sites\/2\/2022\/12\/0000900383.jpeg","width":900,"height":600},{"@type":"BreadcrumbList","@id":"https:\/\/techpointconference.no\/en\/blog\/speaker\/idar-kreutzer\/#breadcrumb","itemListElement":[{"@type":"ListItem","position":1,"name":"Hjem","item":"https:\/\/techpointconference.no\/en\/"},{"@type":"ListItem","position":2,"name":"Idar Kreutzer"}]},{"@type":"WebSite","@id":"https:\/\/techpointconference.no\/en\/#website","url":"https:\/\/techpointconference.no\/en\/","name":"Techpoint 2026","description":"Norway\u2019s Leading Arena for AI and Business","potentialAction":[{"@type":"SearchAction","target":{"@type":"EntryPoint","urlTemplate":"https:\/\/techpointconference.no\/en\/?s={search_term_string}"},"query-input":{"@type":"PropertyValueSpecification","valueRequired":true,"valueName":"search_term_string"}}],"inLanguage":"en-GB"}]}},"_links":{"self":[{"href":"https:\/\/techpointconference.no\/en\/wp-json\/wp\/v2\/speaker\/316","targetHints":{"allow":["GET"]}}],"collection":[{"href":"https:\/\/techpointconference.no\/en\/wp-json\/wp\/v2\/speaker"}],"about":[{"href":"https:\/\/techpointconference.no\/en\/wp-json\/wp\/v2\/types\/speaker"}],"wp:featuredmedia":[{"embeddable":true,"href":"https:\/\/techpointconference.no\/en\/wp-json\/wp\/v2\/media\/317"}],"wp:attachment":[{"href":"https:\/\/techpointconference.no\/en\/wp-json\/wp\/v2\/media?parent=316"}],"wp:term":[{"taxonomy":"conference-year","embeddable":true,"href":"https:\/\/techpointconference.no\/en\/wp-json\/wp\/v2\/Conference years?post=316"}],"curies":[{"name":"wp","href":"https:\/\/api.w.org\/{rel}","templated":true}]}}

<p>Idar Kreutzer er administrerende direktør i Finans Norge. Han var konsernsjef i Storebrand fra 2000 til 2012. Kreutzer har hatt en rekke ulike styreverv, og er i dag styreleder i Posten Norge og i Aschehoug Forlag.</p>
<p>Han er styremedlem ved Universitetet i Oslo, og medlem i Norges Handelshøyskoles Advisory Board. I oktober 2018 overleverte Kreutzer sin rapport om tilgangen til risikokapital i Norden, på oppdrag fra Nordisk Ministerråd. I juni 2015 til oktober 2016 ledet han regjeringens ekspertutvalg for grønn konkurransekraft, og han er medlem av Klima- og miljøministerens klimaråd.</p>
<p>I 2013 ble han valgt som medlem i Strategirådet for Statens pensjonsfond utland. Fra 2001 til 2012 var han rådsmedlem i WBCSD, og var Co-Chair for prosjektet Vision 2050. Kreutzer er utdannet siviløkonom ved Norges Handelshøyskole.</p>

<!-- This site is optimized with the Yoast SEO plugin v27.0 - https://yoast.com/product/yoast-seo-wordpress/ -->
<title>Idar Kreutzer - Techpoint 2026 (en)</title>
<meta name="robots" content="index, follow, max-snippet:-1, max-image-preview:large, max-video-preview:-1" />
<link rel="canonical" href="https://techpointconference.no/en/blog/speaker/idar-kreutzer/" />
<meta property="og:locale" content="en_GB" />
<meta property="og:type" content="article" />
<meta property="og:title" content="Idar Kreutzer - Techpoint 2026 (en)" />
<meta property="og:description" content="Idar Kreutzer er administrerende direktør i Finans Norge. Han var konsernsjef i Storebrand fra 2000 til 2012. Kreutzer har hatt en rekke ulike styreverv, og er i dag styreleder i Posten Norge og i Aschehoug Forlag. Han er styremedlem ved Universitetet i Oslo, og medlem i Norges Handelshøyskoles Advisory Board. I oktober 2018 overleverte Kreutzer [&hellip;]" />
<meta property="og:url" content="https://techpointconference.no/en/blog/speaker/idar-kreutzer/" />
<meta property="og:site_name" content="Techpoint 2026 (en)" />
<meta property="og:image" content="https://techpointconference.no/en/wp-content/uploads/sites/2/2022/12/0000900383.jpeg" />
	<meta property="og:image:width" content="900" />
	<meta property="og:image:height" content="600" />
	<meta property="og:image:type" content="image/jpeg" />
<meta name="twitter:card" content="summary_large_image" />
<meta name="twitter:label1" content="Estimated reading time" />
	<meta name="twitter:data1" content="1 minute" />
<script type="application/ld+json" class="yoast-schema-graph">{"@context":"https://schema.org","@graph":[{"@type":"WebPage","@id":"https://techpointconference.no/en/blog/speaker/idar-kreutzer/","url":"https://techpointconference.no/en/blog/speaker/idar-kreutzer/","name":"Idar Kreutzer - Techpoint 2026 (en)","isPartOf":{"@id":"https://techpointconference.no/en/#website"},"primaryImageOfPage":{"@id":"https://techpointconference.no/en/blog/speaker/idar-kreutzer/#primaryimage"},"image":{"@id":"https://techpointconference.no/en/blog/speaker/idar-kreutzer/#primaryimage"},"thumbnailUrl":"https://techpointconference.no/en/wp-content/uploads/sites/2/2022/12/0000900383.jpeg","datePublished":"2022-12-03T10:14:43+00:00","breadcrumb":{"@id":"https://techpointconference.no/en/blog/speaker/idar-kreutzer/#breadcrumb"},"inLanguage":"en-GB","potentialAction":[{"@type":"ReadAction","target":["https://techpointconference.no/en/blog/speaker/idar-kreutzer/"]}]},{"@type":"ImageObject","inLanguage":"en-GB","@id":"https://techpointconference.no/en/blog/speaker/idar-kreutzer/#primaryimage","url":"https://techpointconference.no/en/wp-content/uploads/sites/2/2022/12/0000900383.jpeg","contentUrl":"https://techpointconference.no/en/wp-content/uploads/sites/2/2022/12/0000900383.jpeg","width":900,"height":600},{"@type":"BreadcrumbList","@id":"https://techpointconference.no/en/blog/speaker/idar-kreutzer/#breadcrumb","itemListElement":[{"@type":"ListItem","position":1,"name":"Hjem","item":"https://techpointconference.no/en/"},{"@type":"ListItem","position":2,"name":"Idar Kreutzer"}]},{"@type":"WebSite","@id":"https://techpointconference.no/en/#website","url":"https://techpointconference.no/en/","name":"Techpoint 2026","description":"Norway’s Leading Arena for AI and Business","potentialAction":[{"@type":"SearchAction","target":{"@type":"EntryPoint","urlTemplate":"https://techpointconference.no/en/?s={search_term_string}"},"query-input":{"@type":"PropertyValueSpecification","valueRequired":true,"valueName":"search_term_string"}}],"inLanguage":"en-GB"}]}</script>
<!-- / Yoast SEO plugin. -->

Idar Kreutzer er administrerende direktør i Finans Norge. Han var konsernsjef i Storebrand fra 2000 til 2012. Kreutzer har hatt en rekke ulike styreverv, og er i dag styreleder i Posten Norge og i Aschehoug Forlag. Han er styremedlem ved Universitetet i Oslo, og medlem i Norges Handelshøyskoles Advisory Board. I oktober 2018 overleverte Kreutzer [&hellip;]
