{"id":310,"date":"2022-12-03T11:14:43","date_gmt":"2022-12-03T10:14:43","guid":{"rendered":"https:\/\/techpoint-dev.local\/speaker\/mari-sundli-tveit-2\/"},"modified":"2022-12-03T11:14:43","modified_gmt":"2022-12-03T10:14:43","slug":"mari-sundli-tveit-2","status":"publish","type":"speaker","link":"https:\/\/techpointconference.no\/en\/speaker\/mari-sundli-tveit-2\/","title":{"rendered":"Mari Sundli Tveit"},"content":{"rendered":"<p>Mari Sundli Tveit har solid ledererfaring og forskings- og forskingspolitisk kompetanse. I tillegg har hun kunnskap om n\u00e6ringslivet sine forskings- og innovasjonsbehov gjennom erfaringen som direkt\u00f8r for politikk i NHO.<\/p>\n<p>Hun har tidligare v\u00e6rt rektor ved NMBU og har ogs\u00e5 v\u00e6rt styreleder for Universitets- og h\u00f8gskoler\u00e5det. Sundli Tveit er utdannet naturforvalter (cand.agric.) ved universitetene i Troms\u00f8, Trondheim og Bergen og har en doktorgrad i landskaparkitektur fra UMB (n\u00e5 NMBU).<\/p>\n<p>Sundli Tveit har hatt en rekke verv innenfor FoU-sektoren, blant annet som styremedlem i European University Association og i Chalmers Tekniska H\u00f6gskola i G\u00f8teborg.<\/p>\n","protected":false},"featured_media":311,"template":"","Conference years":[6],"class_list":["post-310","speaker","type-speaker","status-publish","has-post-thumbnail","hentry","conference-year-past-speakers"],"acf":[],"yoast_head":"<!-- This site is optimized with the Yoast SEO plugin v27.0 - https:\/\/yoast.com\/product\/yoast-seo-wordpress\/ -->\n<title>Mari Sundli Tveit - Techpoint 2026 (en)<\/title>\n<meta name=\"robots\" content=\"index, follow, max-snippet:-1, max-image-preview:large, max-video-preview:-1\" \/>\n<link rel=\"canonical\" href=\"https:\/\/techpointconference.no\/en\/blog\/speaker\/mari-sundli-tveit-2\/\" \/>\n<meta property=\"og:locale\" content=\"en_GB\" \/>\n<meta property=\"og:type\" content=\"article\" \/>\n<meta property=\"og:title\" content=\"Mari Sundli Tveit - Techpoint 2026 (en)\" \/>\n<meta property=\"og:description\" content=\"Mari Sundli Tveit har solid ledererfaring og forskings- og forskingspolitisk kompetanse. I tillegg har hun kunnskap om n\u00e6ringslivet sine forskings- og innovasjonsbehov gjennom erfaringen som direkt\u00f8r for politikk i NHO. Hun har tidligare v\u00e6rt rektor ved NMBU og har ogs\u00e5 v\u00e6rt styreleder for Universitets- og h\u00f8gskoler\u00e5det. Sundli Tveit er utdannet naturforvalter (cand.agric.) ved universitetene i [&hellip;]\" \/>\n<meta property=\"og:url\" content=\"https:\/\/techpointconference.no\/en\/blog\/speaker\/mari-sundli-tveit-2\/\" \/>\n<meta property=\"og:site_name\" content=\"Techpoint 2026 (en)\" \/>\n<meta property=\"og:image\" content=\"https:\/\/techpointconference.no\/en\/wp-content\/uploads\/sites\/2\/2022\/12\/mari-sundli-tveit-kvadrat-1080.png\" \/>\n\t<meta property=\"og:image:width\" content=\"1080\" \/>\n\t<meta property=\"og:image:height\" content=\"1080\" \/>\n\t<meta property=\"og:image:type\" content=\"image\/png\" \/>\n<meta name=\"twitter:card\" content=\"summary_large_image\" \/>\n<meta name=\"twitter:label1\" content=\"Estimated reading time\" \/>\n\t<meta name=\"twitter:data1\" content=\"1 minute\" \/>\n<script type=\"application\/ld+json\" class=\"yoast-schema-graph\">{\"@context\":\"https:\/\/schema.org\",\"@graph\":[{\"@type\":\"WebPage\",\"@id\":\"https:\/\/techpointconference.no\/en\/blog\/speaker\/mari-sundli-tveit-2\/\",\"url\":\"https:\/\/techpointconference.no\/en\/blog\/speaker\/mari-sundli-tveit-2\/\",\"name\":\"Mari Sundli Tveit - Techpoint 2026 (en)\",\"isPartOf\":{\"@id\":\"https:\/\/techpointconference.no\/en\/#website\"},\"primaryImageOfPage\":{\"@id\":\"https:\/\/techpointconference.no\/en\/blog\/speaker\/mari-sundli-tveit-2\/#primaryimage\"},\"image\":{\"@id\":\"https:\/\/techpointconference.no\/en\/blog\/speaker\/mari-sundli-tveit-2\/#primaryimage\"},\"thumbnailUrl\":\"https:\/\/techpointconference.no\/en\/wp-content\/uploads\/sites\/2\/2022\/12\/mari-sundli-tveit-kvadrat-1080.png\",\"datePublished\":\"2022-12-03T10:14:43+00:00\",\"breadcrumb\":{\"@id\":\"https:\/\/techpointconference.no\/en\/blog\/speaker\/mari-sundli-tveit-2\/#breadcrumb\"},\"inLanguage\":\"en-GB\",\"potentialAction\":[{\"@type\":\"ReadAction\",\"target\":[\"https:\/\/techpointconference.no\/en\/blog\/speaker\/mari-sundli-tveit-2\/\"]}]},{\"@type\":\"ImageObject\",\"inLanguage\":\"en-GB\",\"@id\":\"https:\/\/techpointconference.no\/en\/blog\/speaker\/mari-sundli-tveit-2\/#primaryimage\",\"url\":\"https:\/\/techpointconference.no\/en\/wp-content\/uploads\/sites\/2\/2022\/12\/mari-sundli-tveit-kvadrat-1080.png\",\"contentUrl\":\"https:\/\/techpointconference.no\/en\/wp-content\/uploads\/sites\/2\/2022\/12\/mari-sundli-tveit-kvadrat-1080.png\",\"width\":1080,\"height\":1080},{\"@type\":\"BreadcrumbList\",\"@id\":\"https:\/\/techpointconference.no\/en\/blog\/speaker\/mari-sundli-tveit-2\/#breadcrumb\",\"itemListElement\":[{\"@type\":\"ListItem\",\"position\":1,\"name\":\"Hjem\",\"item\":\"https:\/\/techpointconference.no\/en\/\"},{\"@type\":\"ListItem\",\"position\":2,\"name\":\"Mari Sundli Tveit\"}]},{\"@type\":\"WebSite\",\"@id\":\"https:\/\/techpointconference.no\/en\/#website\",\"url\":\"https:\/\/techpointconference.no\/en\/\",\"name\":\"Techpoint 2026\",\"description\":\"Norway\u2019s Leading Arena for AI and Business\",\"potentialAction\":[{\"@type\":\"SearchAction\",\"target\":{\"@type\":\"EntryPoint\",\"urlTemplate\":\"https:\/\/techpointconference.no\/en\/?s={search_term_string}\"},\"query-input\":{\"@type\":\"PropertyValueSpecification\",\"valueRequired\":true,\"valueName\":\"search_term_string\"}}],\"inLanguage\":\"en-GB\"}]}<\/script>\n<!-- \/ Yoast SEO plugin. -->","yoast_head_json":{"title":"Mari Sundli Tveit - Techpoint 2026 (en)","robots":{"index":"index","follow":"follow","max-snippet":"max-snippet:-1","max-image-preview":"max-image-preview:large","max-video-preview":"max-video-preview:-1"},"canonical":"https:\/\/techpointconference.no\/en\/blog\/speaker\/mari-sundli-tveit-2\/","og_locale":"en_GB","og_type":"article","og_title":"Mari Sundli Tveit - Techpoint 2026 (en)","og_description":"Mari Sundli Tveit har solid ledererfaring og forskings- og forskingspolitisk kompetanse. I tillegg har hun kunnskap om n\u00e6ringslivet sine forskings- og innovasjonsbehov gjennom erfaringen som direkt\u00f8r for politikk i NHO. Hun har tidligare v\u00e6rt rektor ved NMBU og har ogs\u00e5 v\u00e6rt styreleder for Universitets- og h\u00f8gskoler\u00e5det. Sundli Tveit er utdannet naturforvalter (cand.agric.) ved universitetene i [&hellip;]","og_url":"https:\/\/techpointconference.no\/en\/blog\/speaker\/mari-sundli-tveit-2\/","og_site_name":"Techpoint 2026 (en)","og_image":[{"width":1080,"height":1080,"url":"https:\/\/techpointconference.no\/en\/wp-content\/uploads\/sites\/2\/2022\/12\/mari-sundli-tveit-kvadrat-1080.png","type":"image\/png"}],"twitter_card":"summary_large_image","twitter_misc":{"Estimated reading time":"1 minute"},"schema":{"@context":"https:\/\/schema.org","@graph":[{"@type":"WebPage","@id":"https:\/\/techpointconference.no\/en\/blog\/speaker\/mari-sundli-tveit-2\/","url":"https:\/\/techpointconference.no\/en\/blog\/speaker\/mari-sundli-tveit-2\/","name":"Mari Sundli Tveit - Techpoint 2026 (en)","isPartOf":{"@id":"https:\/\/techpointconference.no\/en\/#website"},"primaryImageOfPage":{"@id":"https:\/\/techpointconference.no\/en\/blog\/speaker\/mari-sundli-tveit-2\/#primaryimage"},"image":{"@id":"https:\/\/techpointconference.no\/en\/blog\/speaker\/mari-sundli-tveit-2\/#primaryimage"},"thumbnailUrl":"https:\/\/techpointconference.no\/en\/wp-content\/uploads\/sites\/2\/2022\/12\/mari-sundli-tveit-kvadrat-1080.png","datePublished":"2022-12-03T10:14:43+00:00","breadcrumb":{"@id":"https:\/\/techpointconference.no\/en\/blog\/speaker\/mari-sundli-tveit-2\/#breadcrumb"},"inLanguage":"en-GB","potentialAction":[{"@type":"ReadAction","target":["https:\/\/techpointconference.no\/en\/blog\/speaker\/mari-sundli-tveit-2\/"]}]},{"@type":"ImageObject","inLanguage":"en-GB","@id":"https:\/\/techpointconference.no\/en\/blog\/speaker\/mari-sundli-tveit-2\/#primaryimage","url":"https:\/\/techpointconference.no\/en\/wp-content\/uploads\/sites\/2\/2022\/12\/mari-sundli-tveit-kvadrat-1080.png","contentUrl":"https:\/\/techpointconference.no\/en\/wp-content\/uploads\/sites\/2\/2022\/12\/mari-sundli-tveit-kvadrat-1080.png","width":1080,"height":1080},{"@type":"BreadcrumbList","@id":"https:\/\/techpointconference.no\/en\/blog\/speaker\/mari-sundli-tveit-2\/#breadcrumb","itemListElement":[{"@type":"ListItem","position":1,"name":"Hjem","item":"https:\/\/techpointconference.no\/en\/"},{"@type":"ListItem","position":2,"name":"Mari Sundli Tveit"}]},{"@type":"WebSite","@id":"https:\/\/techpointconference.no\/en\/#website","url":"https:\/\/techpointconference.no\/en\/","name":"Techpoint 2026","description":"Norway\u2019s Leading Arena for AI and Business","potentialAction":[{"@type":"SearchAction","target":{"@type":"EntryPoint","urlTemplate":"https:\/\/techpointconference.no\/en\/?s={search_term_string}"},"query-input":{"@type":"PropertyValueSpecification","valueRequired":true,"valueName":"search_term_string"}}],"inLanguage":"en-GB"}]}},"_links":{"self":[{"href":"https:\/\/techpointconference.no\/en\/wp-json\/wp\/v2\/speaker\/310","targetHints":{"allow":["GET"]}}],"collection":[{"href":"https:\/\/techpointconference.no\/en\/wp-json\/wp\/v2\/speaker"}],"about":[{"href":"https:\/\/techpointconference.no\/en\/wp-json\/wp\/v2\/types\/speaker"}],"wp:featuredmedia":[{"embeddable":true,"href":"https:\/\/techpointconference.no\/en\/wp-json\/wp\/v2\/media\/311"}],"wp:attachment":[{"href":"https:\/\/techpointconference.no\/en\/wp-json\/wp\/v2\/media?parent=310"}],"wp:term":[{"taxonomy":"conference-year","embeddable":true,"href":"https:\/\/techpointconference.no\/en\/wp-json\/wp\/v2\/Conference years?post=310"}],"curies":[{"name":"wp","href":"https:\/\/api.w.org\/{rel}","templated":true}]}}

<p>Mari Sundli Tveit har solid ledererfaring og forskings- og forskingspolitisk kompetanse. I tillegg har hun kunnskap om næringslivet sine forskings- og innovasjonsbehov gjennom erfaringen som direktør for politikk i NHO.</p>
<p>Hun har tidligare vært rektor ved NMBU og har også vært styreleder for Universitets- og høgskolerådet. Sundli Tveit er utdannet naturforvalter (cand.agric.) ved universitetene i Tromsø, Trondheim og Bergen og har en doktorgrad i landskaparkitektur fra UMB (nå NMBU).</p>
<p>Sundli Tveit har hatt en rekke verv innenfor FoU-sektoren, blant annet som styremedlem i European University Association og i Chalmers Tekniska Högskola i Gøteborg.</p>

<!-- This site is optimized with the Yoast SEO plugin v27.0 - https://yoast.com/product/yoast-seo-wordpress/ -->
<title>Mari Sundli Tveit - Techpoint 2026 (en)</title>
<meta name="robots" content="index, follow, max-snippet:-1, max-image-preview:large, max-video-preview:-1" />
<link rel="canonical" href="https://techpointconference.no/en/blog/speaker/mari-sundli-tveit-2/" />
<meta property="og:locale" content="en_GB" />
<meta property="og:type" content="article" />
<meta property="og:title" content="Mari Sundli Tveit - Techpoint 2026 (en)" />
<meta property="og:description" content="Mari Sundli Tveit har solid ledererfaring og forskings- og forskingspolitisk kompetanse. I tillegg har hun kunnskap om næringslivet sine forskings- og innovasjonsbehov gjennom erfaringen som direktør for politikk i NHO. Hun har tidligare vært rektor ved NMBU og har også vært styreleder for Universitets- og høgskolerådet. Sundli Tveit er utdannet naturforvalter (cand.agric.) ved universitetene i [&hellip;]" />
<meta property="og:url" content="https://techpointconference.no/en/blog/speaker/mari-sundli-tveit-2/" />
<meta property="og:site_name" content="Techpoint 2026 (en)" />
<meta property="og:image" content="https://techpointconference.no/en/wp-content/uploads/sites/2/2022/12/mari-sundli-tveit-kvadrat-1080.png" />
	<meta property="og:image:width" content="1080" />
	<meta property="og:image:height" content="1080" />
	<meta property="og:image:type" content="image/png" />
<meta name="twitter:card" content="summary_large_image" />
<meta name="twitter:label1" content="Estimated reading time" />
	<meta name="twitter:data1" content="1 minute" />
<script type="application/ld+json" class="yoast-schema-graph">{"@context":"https://schema.org","@graph":[{"@type":"WebPage","@id":"https://techpointconference.no/en/blog/speaker/mari-sundli-tveit-2/","url":"https://techpointconference.no/en/blog/speaker/mari-sundli-tveit-2/","name":"Mari Sundli Tveit - Techpoint 2026 (en)","isPartOf":{"@id":"https://techpointconference.no/en/#website"},"primaryImageOfPage":{"@id":"https://techpointconference.no/en/blog/speaker/mari-sundli-tveit-2/#primaryimage"},"image":{"@id":"https://techpointconference.no/en/blog/speaker/mari-sundli-tveit-2/#primaryimage"},"thumbnailUrl":"https://techpointconference.no/en/wp-content/uploads/sites/2/2022/12/mari-sundli-tveit-kvadrat-1080.png","datePublished":"2022-12-03T10:14:43+00:00","breadcrumb":{"@id":"https://techpointconference.no/en/blog/speaker/mari-sundli-tveit-2/#breadcrumb"},"inLanguage":"en-GB","potentialAction":[{"@type":"ReadAction","target":["https://techpointconference.no/en/blog/speaker/mari-sundli-tveit-2/"]}]},{"@type":"ImageObject","inLanguage":"en-GB","@id":"https://techpointconference.no/en/blog/speaker/mari-sundli-tveit-2/#primaryimage","url":"https://techpointconference.no/en/wp-content/uploads/sites/2/2022/12/mari-sundli-tveit-kvadrat-1080.png","contentUrl":"https://techpointconference.no/en/wp-content/uploads/sites/2/2022/12/mari-sundli-tveit-kvadrat-1080.png","width":1080,"height":1080},{"@type":"BreadcrumbList","@id":"https://techpointconference.no/en/blog/speaker/mari-sundli-tveit-2/#breadcrumb","itemListElement":[{"@type":"ListItem","position":1,"name":"Hjem","item":"https://techpointconference.no/en/"},{"@type":"ListItem","position":2,"name":"Mari Sundli Tveit"}]},{"@type":"WebSite","@id":"https://techpointconference.no/en/#website","url":"https://techpointconference.no/en/","name":"Techpoint 2026","description":"Norway’s Leading Arena for AI and Business","potentialAction":[{"@type":"SearchAction","target":{"@type":"EntryPoint","urlTemplate":"https://techpointconference.no/en/?s={search_term_string}"},"query-input":{"@type":"PropertyValueSpecification","valueRequired":true,"valueName":"search_term_string"}}],"inLanguage":"en-GB"}]}</script>
<!-- / Yoast SEO plugin. -->

Mari Sundli Tveit har solid ledererfaring og forskings- og forskingspolitisk kompetanse. I tillegg har hun kunnskap om næringslivet sine forskings- og innovasjonsbehov gjennom erfaringen som direktør for politikk i NHO. Hun har tidligare vært rektor ved NMBU og har også vært styreleder for Universitets- og høgskolerådet. Sundli Tveit er utdannet naturforvalter (cand.agric.) ved universitetene i [&hellip;]
