{"id":308,"date":"2023-04-11T11:14:43","date_gmt":"2023-04-11T09:14:43","guid":{"rendered":"https:\/\/techpoint-dev.local\/speaker\/petter-gulli\/"},"modified":"2023-10-30T14:17:00","modified_gmt":"2023-10-30T13:17:00","slug":"petter-gulli","status":"publish","type":"speaker","link":"https:\/\/techpointconference.no\/en\/speaker\/petter-gulli\/","title":{"rendered":"Petter Gulli"},"content":{"rendered":"<p class=\"\">Da FN\u2019s klimapanel i oktober 2018 ga oss 12 \u00e5r p\u00e5 \u00e5 n\u00e5 2 graders m\u00e5let, bestemte Petter seg for at nok var nok. Rett etter nytt\u00e5r, sa han opp jobben som partner i et av Norges ledende digtalbyr\u00e5er og forlot reklamebransjen, eller turboen p\u00e5 forbrukermaskineriet som han liker \u00e5 kalle det, og startet 12YEARS. 30 \u00e5rs erfaring som tekstforfatter, kreativ leder, strategisk r\u00e5dgiver og foredragsholder b\u00e5de nasjonalt og internasjonalt, ska n\u00e5 brukes til \u00e5 f\u00e5 fart p\u00e5 det gr\u00f8nne skiftet.<\/p>\n<p class=\"\">Petter er en uforbederlig klimaoptimist som hater gr\u00f8nne fundamentalister og gr\u00f8nnvaskere, og elsker alle som kommer opp med ideer som gj\u00f8r at folk f\u00e5r lyst til \u00e5 v\u00e6re med i det gr\u00f8nne skiftet og gj\u00f8r det enkelt for dem \u00e5 bidra.<\/p>\n<p class=\"\">I 2020 ga han ut boka \u201cH\u00c5P &#8211; En praktisk guide for klimaoptimister\u201d p\u00e5 Aschehoug, han sitter i styret i WWF Verdens naturfond og Hugstiftelsen, og er medgr\u00fcnder i den sirkul\u00e6re markedsplassen ReSourcer.bio.<\/p>\n","protected":false},"featured_media":309,"template":"","Conference years":[6],"class_list":["post-308","speaker","type-speaker","status-publish","has-post-thumbnail","hentry","conference-year-past-speakers"],"acf":[],"yoast_head":"<!-- This site is optimized with the Yoast SEO plugin v27.0 - https:\/\/yoast.com\/product\/yoast-seo-wordpress\/ -->\n<title>Petter Gulli - Techpoint 2026 (en)<\/title>\n<meta name=\"robots\" content=\"index, follow, max-snippet:-1, max-image-preview:large, max-video-preview:-1\" \/>\n<link rel=\"canonical\" href=\"https:\/\/techpointconference.no\/en\/blog\/speaker\/petter-gulli\/\" \/>\n<meta property=\"og:locale\" content=\"en_GB\" \/>\n<meta property=\"og:type\" content=\"article\" \/>\n<meta property=\"og:title\" content=\"Petter Gulli - Techpoint 2026 (en)\" \/>\n<meta property=\"og:description\" content=\"Da FN\u2019s klimapanel i oktober 2018 ga oss 12 \u00e5r p\u00e5 \u00e5 n\u00e5 2 graders m\u00e5let, bestemte Petter seg for at nok var nok. Rett etter nytt\u00e5r, sa han opp jobben som partner i et av Norges ledende digtalbyr\u00e5er og forlot reklamebransjen, eller turboen p\u00e5 forbrukermaskineriet som han liker \u00e5 kalle det, og startet 12YEARS. [&hellip;]\" \/>\n<meta property=\"og:url\" content=\"https:\/\/techpointconference.no\/en\/blog\/speaker\/petter-gulli\/\" \/>\n<meta property=\"og:site_name\" content=\"Techpoint 2026 (en)\" \/>\n<meta property=\"article:modified_time\" content=\"2023-10-30T13:17:00+00:00\" \/>\n<meta property=\"og:image\" content=\"https:\/\/techpointconference.no\/en\/wp-content\/uploads\/sites\/2\/2022\/12\/PetterGulli.jpeg\" \/>\n\t<meta property=\"og:image:width\" content=\"1000\" \/>\n\t<meta property=\"og:image:height\" content=\"1000\" \/>\n\t<meta property=\"og:image:type\" content=\"image\/jpeg\" \/>\n<meta name=\"twitter:card\" content=\"summary_large_image\" \/>\n<meta name=\"twitter:label1\" content=\"Estimated reading time\" \/>\n\t<meta name=\"twitter:data1\" content=\"1 minute\" \/>\n<script type=\"application\/ld+json\" class=\"yoast-schema-graph\">{\"@context\":\"https:\/\/schema.org\",\"@graph\":[{\"@type\":\"WebPage\",\"@id\":\"https:\/\/techpointconference.no\/en\/blog\/speaker\/petter-gulli\/\",\"url\":\"https:\/\/techpointconference.no\/en\/blog\/speaker\/petter-gulli\/\",\"name\":\"Petter Gulli - Techpoint 2026 (en)\",\"isPartOf\":{\"@id\":\"https:\/\/techpointconference.no\/en\/#website\"},\"primaryImageOfPage\":{\"@id\":\"https:\/\/techpointconference.no\/en\/blog\/speaker\/petter-gulli\/#primaryimage\"},\"image\":{\"@id\":\"https:\/\/techpointconference.no\/en\/blog\/speaker\/petter-gulli\/#primaryimage\"},\"thumbnailUrl\":\"https:\/\/techpointconference.no\/en\/wp-content\/uploads\/sites\/2\/2022\/12\/PetterGulli.jpeg\",\"datePublished\":\"2023-04-11T09:14:43+00:00\",\"dateModified\":\"2023-10-30T13:17:00+00:00\",\"breadcrumb\":{\"@id\":\"https:\/\/techpointconference.no\/en\/blog\/speaker\/petter-gulli\/#breadcrumb\"},\"inLanguage\":\"en-GB\",\"potentialAction\":[{\"@type\":\"ReadAction\",\"target\":[\"https:\/\/techpointconference.no\/en\/blog\/speaker\/petter-gulli\/\"]}]},{\"@type\":\"ImageObject\",\"inLanguage\":\"en-GB\",\"@id\":\"https:\/\/techpointconference.no\/en\/blog\/speaker\/petter-gulli\/#primaryimage\",\"url\":\"https:\/\/techpointconference.no\/en\/wp-content\/uploads\/sites\/2\/2022\/12\/PetterGulli.jpeg\",\"contentUrl\":\"https:\/\/techpointconference.no\/en\/wp-content\/uploads\/sites\/2\/2022\/12\/PetterGulli.jpeg\",\"width\":1000,\"height\":1000},{\"@type\":\"BreadcrumbList\",\"@id\":\"https:\/\/techpointconference.no\/en\/blog\/speaker\/petter-gulli\/#breadcrumb\",\"itemListElement\":[{\"@type\":\"ListItem\",\"position\":1,\"name\":\"Hjem\",\"item\":\"https:\/\/techpointconference.no\/en\/\"},{\"@type\":\"ListItem\",\"position\":2,\"name\":\"Petter Gulli\"}]},{\"@type\":\"WebSite\",\"@id\":\"https:\/\/techpointconference.no\/en\/#website\",\"url\":\"https:\/\/techpointconference.no\/en\/\",\"name\":\"Techpoint 2026\",\"description\":\"Norway\u2019s Leading Arena for AI and Business\",\"potentialAction\":[{\"@type\":\"SearchAction\",\"target\":{\"@type\":\"EntryPoint\",\"urlTemplate\":\"https:\/\/techpointconference.no\/en\/?s={search_term_string}\"},\"query-input\":{\"@type\":\"PropertyValueSpecification\",\"valueRequired\":true,\"valueName\":\"search_term_string\"}}],\"inLanguage\":\"en-GB\"}]}<\/script>\n<!-- \/ Yoast SEO plugin. -->","yoast_head_json":{"title":"Petter Gulli - Techpoint 2026 (en)","robots":{"index":"index","follow":"follow","max-snippet":"max-snippet:-1","max-image-preview":"max-image-preview:large","max-video-preview":"max-video-preview:-1"},"canonical":"https:\/\/techpointconference.no\/en\/blog\/speaker\/petter-gulli\/","og_locale":"en_GB","og_type":"article","og_title":"Petter Gulli - Techpoint 2026 (en)","og_description":"Da FN\u2019s klimapanel i oktober 2018 ga oss 12 \u00e5r p\u00e5 \u00e5 n\u00e5 2 graders m\u00e5let, bestemte Petter seg for at nok var nok. Rett etter nytt\u00e5r, sa han opp jobben som partner i et av Norges ledende digtalbyr\u00e5er og forlot reklamebransjen, eller turboen p\u00e5 forbrukermaskineriet som han liker \u00e5 kalle det, og startet 12YEARS. [&hellip;]","og_url":"https:\/\/techpointconference.no\/en\/blog\/speaker\/petter-gulli\/","og_site_name":"Techpoint 2026 (en)","article_modified_time":"2023-10-30T13:17:00+00:00","og_image":[{"width":1000,"height":1000,"url":"https:\/\/techpointconference.no\/en\/wp-content\/uploads\/sites\/2\/2022\/12\/PetterGulli.jpeg","type":"image\/jpeg"}],"twitter_card":"summary_large_image","twitter_misc":{"Estimated reading time":"1 minute"},"schema":{"@context":"https:\/\/schema.org","@graph":[{"@type":"WebPage","@id":"https:\/\/techpointconference.no\/en\/blog\/speaker\/petter-gulli\/","url":"https:\/\/techpointconference.no\/en\/blog\/speaker\/petter-gulli\/","name":"Petter Gulli - Techpoint 2026 (en)","isPartOf":{"@id":"https:\/\/techpointconference.no\/en\/#website"},"primaryImageOfPage":{"@id":"https:\/\/techpointconference.no\/en\/blog\/speaker\/petter-gulli\/#primaryimage"},"image":{"@id":"https:\/\/techpointconference.no\/en\/blog\/speaker\/petter-gulli\/#primaryimage"},"thumbnailUrl":"https:\/\/techpointconference.no\/en\/wp-content\/uploads\/sites\/2\/2022\/12\/PetterGulli.jpeg","datePublished":"2023-04-11T09:14:43+00:00","dateModified":"2023-10-30T13:17:00+00:00","breadcrumb":{"@id":"https:\/\/techpointconference.no\/en\/blog\/speaker\/petter-gulli\/#breadcrumb"},"inLanguage":"en-GB","potentialAction":[{"@type":"ReadAction","target":["https:\/\/techpointconference.no\/en\/blog\/speaker\/petter-gulli\/"]}]},{"@type":"ImageObject","inLanguage":"en-GB","@id":"https:\/\/techpointconference.no\/en\/blog\/speaker\/petter-gulli\/#primaryimage","url":"https:\/\/techpointconference.no\/en\/wp-content\/uploads\/sites\/2\/2022\/12\/PetterGulli.jpeg","contentUrl":"https:\/\/techpointconference.no\/en\/wp-content\/uploads\/sites\/2\/2022\/12\/PetterGulli.jpeg","width":1000,"height":1000},{"@type":"BreadcrumbList","@id":"https:\/\/techpointconference.no\/en\/blog\/speaker\/petter-gulli\/#breadcrumb","itemListElement":[{"@type":"ListItem","position":1,"name":"Hjem","item":"https:\/\/techpointconference.no\/en\/"},{"@type":"ListItem","position":2,"name":"Petter Gulli"}]},{"@type":"WebSite","@id":"https:\/\/techpointconference.no\/en\/#website","url":"https:\/\/techpointconference.no\/en\/","name":"Techpoint 2026","description":"Norway\u2019s Leading Arena for AI and Business","potentialAction":[{"@type":"SearchAction","target":{"@type":"EntryPoint","urlTemplate":"https:\/\/techpointconference.no\/en\/?s={search_term_string}"},"query-input":{"@type":"PropertyValueSpecification","valueRequired":true,"valueName":"search_term_string"}}],"inLanguage":"en-GB"}]}},"_links":{"self":[{"href":"https:\/\/techpointconference.no\/en\/wp-json\/wp\/v2\/speaker\/308","targetHints":{"allow":["GET"]}}],"collection":[{"href":"https:\/\/techpointconference.no\/en\/wp-json\/wp\/v2\/speaker"}],"about":[{"href":"https:\/\/techpointconference.no\/en\/wp-json\/wp\/v2\/types\/speaker"}],"wp:featuredmedia":[{"embeddable":true,"href":"https:\/\/techpointconference.no\/en\/wp-json\/wp\/v2\/media\/309"}],"wp:attachment":[{"href":"https:\/\/techpointconference.no\/en\/wp-json\/wp\/v2\/media?parent=308"}],"wp:term":[{"taxonomy":"conference-year","embeddable":true,"href":"https:\/\/techpointconference.no\/en\/wp-json\/wp\/v2\/Conference years?post=308"}],"curies":[{"name":"wp","href":"https:\/\/api.w.org\/{rel}","templated":true}]}}

<p class="">Da FN’s klimapanel i oktober 2018 ga oss 12 år på å nå 2 graders målet, bestemte Petter seg for at nok var nok. Rett etter nyttår, sa han opp jobben som partner i et av Norges ledende digtalbyråer og forlot reklamebransjen, eller turboen på forbrukermaskineriet som han liker å kalle det, og startet 12YEARS. 30 års erfaring som tekstforfatter, kreativ leder, strategisk rådgiver og foredragsholder både nasjonalt og internasjonalt, ska nå brukes til å få fart på det grønne skiftet.</p>
<p class="">Petter er en uforbederlig klimaoptimist som hater grønne fundamentalister og grønnvaskere, og elsker alle som kommer opp med ideer som gjør at folk får lyst til å være med i det grønne skiftet og gjør det enkelt for dem å bidra.</p>
<p class="">I 2020 ga han ut boka “HÅP &#8211; En praktisk guide for klimaoptimister” på Aschehoug, han sitter i styret i WWF Verdens naturfond og Hugstiftelsen, og er medgründer i den sirkulære markedsplassen ReSourcer.bio.</p>

<!-- This site is optimized with the Yoast SEO plugin v27.0 - https://yoast.com/product/yoast-seo-wordpress/ -->
<title>Petter Gulli - Techpoint 2026 (en)</title>
<meta name="robots" content="index, follow, max-snippet:-1, max-image-preview:large, max-video-preview:-1" />
<link rel="canonical" href="https://techpointconference.no/en/blog/speaker/petter-gulli/" />
<meta property="og:locale" content="en_GB" />
<meta property="og:type" content="article" />
<meta property="og:title" content="Petter Gulli - Techpoint 2026 (en)" />
<meta property="og:description" content="Da FN’s klimapanel i oktober 2018 ga oss 12 år på å nå 2 graders målet, bestemte Petter seg for at nok var nok. Rett etter nyttår, sa han opp jobben som partner i et av Norges ledende digtalbyråer og forlot reklamebransjen, eller turboen på forbrukermaskineriet som han liker å kalle det, og startet 12YEARS. [&hellip;]" />
<meta property="og:url" content="https://techpointconference.no/en/blog/speaker/petter-gulli/" />
<meta property="og:site_name" content="Techpoint 2026 (en)" />
<meta property="article:modified_time" content="2023-10-30T13:17:00+00:00" />
<meta property="og:image" content="https://techpointconference.no/en/wp-content/uploads/sites/2/2022/12/PetterGulli.jpeg" />
	<meta property="og:image:width" content="1000" />
	<meta property="og:image:height" content="1000" />
	<meta property="og:image:type" content="image/jpeg" />
<meta name="twitter:card" content="summary_large_image" />
<meta name="twitter:label1" content="Estimated reading time" />
	<meta name="twitter:data1" content="1 minute" />
<script type="application/ld+json" class="yoast-schema-graph">{"@context":"https://schema.org","@graph":[{"@type":"WebPage","@id":"https://techpointconference.no/en/blog/speaker/petter-gulli/","url":"https://techpointconference.no/en/blog/speaker/petter-gulli/","name":"Petter Gulli - Techpoint 2026 (en)","isPartOf":{"@id":"https://techpointconference.no/en/#website"},"primaryImageOfPage":{"@id":"https://techpointconference.no/en/blog/speaker/petter-gulli/#primaryimage"},"image":{"@id":"https://techpointconference.no/en/blog/speaker/petter-gulli/#primaryimage"},"thumbnailUrl":"https://techpointconference.no/en/wp-content/uploads/sites/2/2022/12/PetterGulli.jpeg","datePublished":"2023-04-11T09:14:43+00:00","dateModified":"2023-10-30T13:17:00+00:00","breadcrumb":{"@id":"https://techpointconference.no/en/blog/speaker/petter-gulli/#breadcrumb"},"inLanguage":"en-GB","potentialAction":[{"@type":"ReadAction","target":["https://techpointconference.no/en/blog/speaker/petter-gulli/"]}]},{"@type":"ImageObject","inLanguage":"en-GB","@id":"https://techpointconference.no/en/blog/speaker/petter-gulli/#primaryimage","url":"https://techpointconference.no/en/wp-content/uploads/sites/2/2022/12/PetterGulli.jpeg","contentUrl":"https://techpointconference.no/en/wp-content/uploads/sites/2/2022/12/PetterGulli.jpeg","width":1000,"height":1000},{"@type":"BreadcrumbList","@id":"https://techpointconference.no/en/blog/speaker/petter-gulli/#breadcrumb","itemListElement":[{"@type":"ListItem","position":1,"name":"Hjem","item":"https://techpointconference.no/en/"},{"@type":"ListItem","position":2,"name":"Petter Gulli"}]},{"@type":"WebSite","@id":"https://techpointconference.no/en/#website","url":"https://techpointconference.no/en/","name":"Techpoint 2026","description":"Norway’s Leading Arena for AI and Business","potentialAction":[{"@type":"SearchAction","target":{"@type":"EntryPoint","urlTemplate":"https://techpointconference.no/en/?s={search_term_string}"},"query-input":{"@type":"PropertyValueSpecification","valueRequired":true,"valueName":"search_term_string"}}],"inLanguage":"en-GB"}]}</script>
<!-- / Yoast SEO plugin. -->

Da FN’s klimapanel i oktober 2018 ga oss 12 år på å nå 2 graders målet, bestemte Petter seg for at nok var nok. Rett etter nyttår, sa han opp jobben som partner i et av Norges ledende digtalbyråer og forlot reklamebransjen, eller turboen på forbrukermaskineriet som han liker å kalle det, og startet 12YEARS. [&hellip;]
