{"id":2304,"date":"2023-06-20T07:31:48","date_gmt":"2023-06-20T05:31:48","guid":{"rendered":"https:\/\/techpointconference.no\/en\/?post_type=speaker&#038;p=2304"},"modified":"2023-10-30T14:14:59","modified_gmt":"2023-10-30T13:14:59","slug":"bjorn-olstad","status":"publish","type":"speaker","link":"https:\/\/techpointconference.no\/en\/speaker\/bjorn-olstad\/","title":{"rendered":"Bj\u00f8rn Olstad"},"content":{"rendered":"<p>Bj\u00f8rn Olstad\u00a0er Corporate Vice President i Microsoft, og leder 650 utviklere som bygger funksjonalitet, skyinfrastruktur og kunstig intelligens for Microsoft365-programmene.\u202f\u00a0Dette er systemkritisk teknologi i blant annet Teams, Outlook og Word som tas i bruk av mange hundre millioner brukere rundt i hele verden hver eneste dag.<\/p>\n<p>Som 29-\u00e5ring ble Olstad tidenes yngste professor i datateknologi ved NTNU. P\u00e5 midten av 2000-tallet ledet han FAST, et norsk s\u00f8kemotorselskap som lenge konkurrerte side om side med Google, og som i sin tid ble solgt til Microsoft for 6,6 milliarder kroner.Bj\u00f8rn har ogs\u00e5 tre ganger vunnet EUs pris for mest innovative IT-produkt.<\/p>\n<p><strong>Tema: Hvordan kan ny teknologi og kunstig intelligens bidra til \u00f8kt b\u00e6rekraft?<\/strong><\/p>\n","protected":false},"featured_media":2305,"template":"","Conference years":[6],"class_list":["post-2304","speaker","type-speaker","status-publish","has-post-thumbnail","hentry","conference-year-past-speakers"],"acf":[],"yoast_head":"<!-- This site is optimized with the Yoast SEO plugin v27.0 - https:\/\/yoast.com\/product\/yoast-seo-wordpress\/ -->\n<title>Bj\u00f8rn Olstad - Techpoint 2026 (en)<\/title>\n<meta name=\"robots\" content=\"index, follow, max-snippet:-1, max-image-preview:large, max-video-preview:-1\" \/>\n<link rel=\"canonical\" href=\"https:\/\/techpointconference.no\/en\/blog\/speaker\/bjorn-olstad\/\" \/>\n<meta property=\"og:locale\" content=\"en_GB\" \/>\n<meta property=\"og:type\" content=\"article\" \/>\n<meta property=\"og:title\" content=\"Bj\u00f8rn Olstad - Techpoint 2026 (en)\" \/>\n<meta property=\"og:description\" content=\"Bj\u00f8rn Olstad\u00a0er Corporate Vice President i Microsoft, og leder 650 utviklere som bygger funksjonalitet, skyinfrastruktur og kunstig intelligens for Microsoft365-programmene.\u202f\u00a0Dette er systemkritisk teknologi i blant annet Teams, Outlook og Word som tas i bruk av mange hundre millioner brukere rundt i hele verden hver eneste dag. Som 29-\u00e5ring ble Olstad tidenes yngste professor i datateknologi [&hellip;]\" \/>\n<meta property=\"og:url\" content=\"https:\/\/techpointconference.no\/en\/blog\/speaker\/bjorn-olstad\/\" \/>\n<meta property=\"og:site_name\" content=\"Techpoint 2026 (en)\" \/>\n<meta property=\"article:modified_time\" content=\"2023-10-30T13:14:59+00:00\" \/>\n<meta property=\"og:image\" content=\"https:\/\/techpointconference.no\/en\/wp-content\/uploads\/sites\/2\/2023\/06\/Bjorn.jpg\" \/>\n\t<meta property=\"og:image:width\" content=\"504\" \/>\n\t<meta property=\"og:image:height\" content=\"504\" \/>\n\t<meta property=\"og:image:type\" content=\"image\/jpeg\" \/>\n<meta name=\"twitter:card\" content=\"summary_large_image\" \/>\n<meta name=\"twitter:label1\" content=\"Estimated reading time\" \/>\n\t<meta name=\"twitter:data1\" content=\"1 minute\" \/>\n<script type=\"application\/ld+json\" class=\"yoast-schema-graph\">{\"@context\":\"https:\/\/schema.org\",\"@graph\":[{\"@type\":\"WebPage\",\"@id\":\"https:\/\/techpointconference.no\/en\/blog\/speaker\/bjorn-olstad\/\",\"url\":\"https:\/\/techpointconference.no\/en\/blog\/speaker\/bjorn-olstad\/\",\"name\":\"Bj\u00f8rn Olstad - Techpoint 2026 (en)\",\"isPartOf\":{\"@id\":\"https:\/\/techpointconference.no\/en\/#website\"},\"primaryImageOfPage\":{\"@id\":\"https:\/\/techpointconference.no\/en\/blog\/speaker\/bjorn-olstad\/#primaryimage\"},\"image\":{\"@id\":\"https:\/\/techpointconference.no\/en\/blog\/speaker\/bjorn-olstad\/#primaryimage\"},\"thumbnailUrl\":\"https:\/\/techpointconference.no\/en\/wp-content\/uploads\/sites\/2\/2023\/06\/Bjorn.jpg\",\"datePublished\":\"2023-06-20T05:31:48+00:00\",\"dateModified\":\"2023-10-30T13:14:59+00:00\",\"breadcrumb\":{\"@id\":\"https:\/\/techpointconference.no\/en\/blog\/speaker\/bjorn-olstad\/#breadcrumb\"},\"inLanguage\":\"en-GB\",\"potentialAction\":[{\"@type\":\"ReadAction\",\"target\":[\"https:\/\/techpointconference.no\/en\/blog\/speaker\/bjorn-olstad\/\"]}]},{\"@type\":\"ImageObject\",\"inLanguage\":\"en-GB\",\"@id\":\"https:\/\/techpointconference.no\/en\/blog\/speaker\/bjorn-olstad\/#primaryimage\",\"url\":\"https:\/\/techpointconference.no\/en\/wp-content\/uploads\/sites\/2\/2023\/06\/Bjorn.jpg\",\"contentUrl\":\"https:\/\/techpointconference.no\/en\/wp-content\/uploads\/sites\/2\/2023\/06\/Bjorn.jpg\",\"width\":504,\"height\":504},{\"@type\":\"BreadcrumbList\",\"@id\":\"https:\/\/techpointconference.no\/en\/blog\/speaker\/bjorn-olstad\/#breadcrumb\",\"itemListElement\":[{\"@type\":\"ListItem\",\"position\":1,\"name\":\"Hjem\",\"item\":\"https:\/\/techpointconference.no\/en\/\"},{\"@type\":\"ListItem\",\"position\":2,\"name\":\"Bj\u00f8rn Olstad\"}]},{\"@type\":\"WebSite\",\"@id\":\"https:\/\/techpointconference.no\/en\/#website\",\"url\":\"https:\/\/techpointconference.no\/en\/\",\"name\":\"Techpoint 2026\",\"description\":\"Norway\u2019s Leading Arena for AI and Business\",\"potentialAction\":[{\"@type\":\"SearchAction\",\"target\":{\"@type\":\"EntryPoint\",\"urlTemplate\":\"https:\/\/techpointconference.no\/en\/?s={search_term_string}\"},\"query-input\":{\"@type\":\"PropertyValueSpecification\",\"valueRequired\":true,\"valueName\":\"search_term_string\"}}],\"inLanguage\":\"en-GB\"}]}<\/script>\n<!-- \/ Yoast SEO plugin. -->","yoast_head_json":{"title":"Bj\u00f8rn Olstad - Techpoint 2026 (en)","robots":{"index":"index","follow":"follow","max-snippet":"max-snippet:-1","max-image-preview":"max-image-preview:large","max-video-preview":"max-video-preview:-1"},"canonical":"https:\/\/techpointconference.no\/en\/blog\/speaker\/bjorn-olstad\/","og_locale":"en_GB","og_type":"article","og_title":"Bj\u00f8rn Olstad - Techpoint 2026 (en)","og_description":"Bj\u00f8rn Olstad\u00a0er Corporate Vice President i Microsoft, og leder 650 utviklere som bygger funksjonalitet, skyinfrastruktur og kunstig intelligens for Microsoft365-programmene.\u202f\u00a0Dette er systemkritisk teknologi i blant annet Teams, Outlook og Word som tas i bruk av mange hundre millioner brukere rundt i hele verden hver eneste dag. Som 29-\u00e5ring ble Olstad tidenes yngste professor i datateknologi [&hellip;]","og_url":"https:\/\/techpointconference.no\/en\/blog\/speaker\/bjorn-olstad\/","og_site_name":"Techpoint 2026 (en)","article_modified_time":"2023-10-30T13:14:59+00:00","og_image":[{"width":504,"height":504,"url":"https:\/\/techpointconference.no\/en\/wp-content\/uploads\/sites\/2\/2023\/06\/Bjorn.jpg","type":"image\/jpeg"}],"twitter_card":"summary_large_image","twitter_misc":{"Estimated reading time":"1 minute"},"schema":{"@context":"https:\/\/schema.org","@graph":[{"@type":"WebPage","@id":"https:\/\/techpointconference.no\/en\/blog\/speaker\/bjorn-olstad\/","url":"https:\/\/techpointconference.no\/en\/blog\/speaker\/bjorn-olstad\/","name":"Bj\u00f8rn Olstad - Techpoint 2026 (en)","isPartOf":{"@id":"https:\/\/techpointconference.no\/en\/#website"},"primaryImageOfPage":{"@id":"https:\/\/techpointconference.no\/en\/blog\/speaker\/bjorn-olstad\/#primaryimage"},"image":{"@id":"https:\/\/techpointconference.no\/en\/blog\/speaker\/bjorn-olstad\/#primaryimage"},"thumbnailUrl":"https:\/\/techpointconference.no\/en\/wp-content\/uploads\/sites\/2\/2023\/06\/Bjorn.jpg","datePublished":"2023-06-20T05:31:48+00:00","dateModified":"2023-10-30T13:14:59+00:00","breadcrumb":{"@id":"https:\/\/techpointconference.no\/en\/blog\/speaker\/bjorn-olstad\/#breadcrumb"},"inLanguage":"en-GB","potentialAction":[{"@type":"ReadAction","target":["https:\/\/techpointconference.no\/en\/blog\/speaker\/bjorn-olstad\/"]}]},{"@type":"ImageObject","inLanguage":"en-GB","@id":"https:\/\/techpointconference.no\/en\/blog\/speaker\/bjorn-olstad\/#primaryimage","url":"https:\/\/techpointconference.no\/en\/wp-content\/uploads\/sites\/2\/2023\/06\/Bjorn.jpg","contentUrl":"https:\/\/techpointconference.no\/en\/wp-content\/uploads\/sites\/2\/2023\/06\/Bjorn.jpg","width":504,"height":504},{"@type":"BreadcrumbList","@id":"https:\/\/techpointconference.no\/en\/blog\/speaker\/bjorn-olstad\/#breadcrumb","itemListElement":[{"@type":"ListItem","position":1,"name":"Hjem","item":"https:\/\/techpointconference.no\/en\/"},{"@type":"ListItem","position":2,"name":"Bj\u00f8rn Olstad"}]},{"@type":"WebSite","@id":"https:\/\/techpointconference.no\/en\/#website","url":"https:\/\/techpointconference.no\/en\/","name":"Techpoint 2026","description":"Norway\u2019s Leading Arena for AI and Business","potentialAction":[{"@type":"SearchAction","target":{"@type":"EntryPoint","urlTemplate":"https:\/\/techpointconference.no\/en\/?s={search_term_string}"},"query-input":{"@type":"PropertyValueSpecification","valueRequired":true,"valueName":"search_term_string"}}],"inLanguage":"en-GB"}]}},"_links":{"self":[{"href":"https:\/\/techpointconference.no\/en\/wp-json\/wp\/v2\/speaker\/2304","targetHints":{"allow":["GET"]}}],"collection":[{"href":"https:\/\/techpointconference.no\/en\/wp-json\/wp\/v2\/speaker"}],"about":[{"href":"https:\/\/techpointconference.no\/en\/wp-json\/wp\/v2\/types\/speaker"}],"wp:featuredmedia":[{"embeddable":true,"href":"https:\/\/techpointconference.no\/en\/wp-json\/wp\/v2\/media\/2305"}],"wp:attachment":[{"href":"https:\/\/techpointconference.no\/en\/wp-json\/wp\/v2\/media?parent=2304"}],"wp:term":[{"taxonomy":"conference-year","embeddable":true,"href":"https:\/\/techpointconference.no\/en\/wp-json\/wp\/v2\/Conference years?post=2304"}],"curies":[{"name":"wp","href":"https:\/\/api.w.org\/{rel}","templated":true}]}}

Bjørn Olstad

<p>Bjørn Olstad er Corporate Vice President i Microsoft, og leder 650 utviklere som bygger funksjonalitet, skyinfrastruktur og kunstig intelligens for Microsoft365-programmene.  Dette er systemkritisk teknologi i blant annet Teams, Outlook og Word som tas i bruk av mange hundre millioner brukere rundt i hele verden hver eneste dag.</p>
<p>Som 29-åring ble Olstad tidenes yngste professor i datateknologi ved NTNU. På midten av 2000-tallet ledet han FAST, et norsk søkemotorselskap som lenge konkurrerte side om side med Google, og som i sin tid ble solgt til Microsoft for 6,6 milliarder kroner.Bjørn har også tre ganger vunnet EUs pris for mest innovative IT-produkt.</p>
<p><strong>Tema: Hvordan kan ny teknologi og kunstig intelligens bidra til økt bærekraft?</strong></p>

<!-- This site is optimized with the Yoast SEO plugin v27.0 - https://yoast.com/product/yoast-seo-wordpress/ -->
<title>Bjørn Olstad - Techpoint 2026 (en)</title>
<meta name="robots" content="index, follow, max-snippet:-1, max-image-preview:large, max-video-preview:-1" />
<link rel="canonical" href="https://techpointconference.no/en/blog/speaker/bjorn-olstad/" />
<meta property="og:locale" content="en_GB" />
<meta property="og:type" content="article" />
<meta property="og:title" content="Bjørn Olstad - Techpoint 2026 (en)" />
<meta property="og:description" content="Bjørn Olstad er Corporate Vice President i Microsoft, og leder 650 utviklere som bygger funksjonalitet, skyinfrastruktur og kunstig intelligens for Microsoft365-programmene.  Dette er systemkritisk teknologi i blant annet Teams, Outlook og Word som tas i bruk av mange hundre millioner brukere rundt i hele verden hver eneste dag. Som 29-åring ble Olstad tidenes yngste professor i datateknologi [&hellip;]" />
<meta property="og:url" content="https://techpointconference.no/en/blog/speaker/bjorn-olstad/" />
<meta property="og:site_name" content="Techpoint 2026 (en)" />
<meta property="article:modified_time" content="2023-10-30T13:14:59+00:00" />
<meta property="og:image" content="https://techpointconference.no/en/wp-content/uploads/sites/2/2023/06/Bjorn.jpg" />
	<meta property="og:image:width" content="504" />
	<meta property="og:image:height" content="504" />
	<meta property="og:image:type" content="image/jpeg" />
<meta name="twitter:card" content="summary_large_image" />
<meta name="twitter:label1" content="Estimated reading time" />
	<meta name="twitter:data1" content="1 minute" />
<script type="application/ld+json" class="yoast-schema-graph">{"@context":"https://schema.org","@graph":[{"@type":"WebPage","@id":"https://techpointconference.no/en/blog/speaker/bjorn-olstad/","url":"https://techpointconference.no/en/blog/speaker/bjorn-olstad/","name":"Bjørn Olstad - Techpoint 2026 (en)","isPartOf":{"@id":"https://techpointconference.no/en/#website"},"primaryImageOfPage":{"@id":"https://techpointconference.no/en/blog/speaker/bjorn-olstad/#primaryimage"},"image":{"@id":"https://techpointconference.no/en/blog/speaker/bjorn-olstad/#primaryimage"},"thumbnailUrl":"https://techpointconference.no/en/wp-content/uploads/sites/2/2023/06/Bjorn.jpg","datePublished":"2023-06-20T05:31:48+00:00","dateModified":"2023-10-30T13:14:59+00:00","breadcrumb":{"@id":"https://techpointconference.no/en/blog/speaker/bjorn-olstad/#breadcrumb"},"inLanguage":"en-GB","potentialAction":[{"@type":"ReadAction","target":["https://techpointconference.no/en/blog/speaker/bjorn-olstad/"]}]},{"@type":"ImageObject","inLanguage":"en-GB","@id":"https://techpointconference.no/en/blog/speaker/bjorn-olstad/#primaryimage","url":"https://techpointconference.no/en/wp-content/uploads/sites/2/2023/06/Bjorn.jpg","contentUrl":"https://techpointconference.no/en/wp-content/uploads/sites/2/2023/06/Bjorn.jpg","width":504,"height":504},{"@type":"BreadcrumbList","@id":"https://techpointconference.no/en/blog/speaker/bjorn-olstad/#breadcrumb","itemListElement":[{"@type":"ListItem","position":1,"name":"Hjem","item":"https://techpointconference.no/en/"},{"@type":"ListItem","position":2,"name":"Bjørn Olstad"}]},{"@type":"WebSite","@id":"https://techpointconference.no/en/#website","url":"https://techpointconference.no/en/","name":"Techpoint 2026","description":"Norway’s Leading Arena for AI and Business","potentialAction":[{"@type":"SearchAction","target":{"@type":"EntryPoint","urlTemplate":"https://techpointconference.no/en/?s={search_term_string}"},"query-input":{"@type":"PropertyValueSpecification","valueRequired":true,"valueName":"search_term_string"}}],"inLanguage":"en-GB"}]}</script>
<!-- / Yoast SEO plugin. -->

Bjørn Olstad - Techpoint 2026 (en)

Bjørn Olstad er Corporate Vice President i Microsoft, og leder 650 utviklere som bygger funksjonalitet, skyinfrastruktur og kunstig intelligens for Microsoft365-programmene.  Dette er systemkritisk teknologi i blant annet Teams, Outlook og Word som tas i bruk av mange hundre millioner brukere rundt i hele verden hver eneste dag. Som 29-åring ble Olstad tidenes yngste professor i datateknologi [&hellip;]
