{"id":2102,"date":"2023-06-06T10:15:33","date_gmt":"2023-06-06T08:15:33","guid":{"rendered":"https:\/\/techpointconference.no\/en\/?post_type=speaker&#038;p=2102"},"modified":"2023-10-30T13:04:27","modified_gmt":"2023-10-30T12:04:27","slug":"dan-jakob-wangen","status":"publish","type":"speaker","link":"https:\/\/techpointconference.no\/en\/speaker\/dan-jakob-wangen\/","title":{"rendered":"Dan Jakob Wangen"},"content":{"rendered":"<p style=\"font-weight: 400;\">Dan Jakob Wangen er Partner i EY og leder av klima og b\u00e6rekraftsavdelingen i Norge.<\/p>\n<p style=\"font-weight: 400;\">Han har de siste \u00e5rene jobbet med b\u00e6rekraft p\u00e5 tvers av mange ulike sektorer, som blant annet energi, prosessindustri, bioindustri, avfallsbehandling, finans, detaljhandel og kunnskapsformidling. Dan har erfaring fra en rekke ulike type prosjekter tilknyttet klima, strategi, omstilling og rapportering, og fokuserer n\u00e5 p\u00e5 \u00e5 hjelpe norske selskaper med \u00e5 forst\u00e5 implikasjonene og bakgrunnen for den regulatoriske b\u00f8lgen som sl\u00e5r innover n\u00e6ringslivet.<\/p>\n<p style=\"font-weight: 400;\">Dan er overbevist om at n\u00e6ringslivet er n\u00f8kkelen til det gr\u00f8nne skiftet og at riktig fokus p\u00e5 b\u00e6rekraft og omstilling kan gi store konkurransefortrinn for bedrifter.<\/p>\n<p style=\"font-weight: 400;\">Han er utdannet sivilingeni\u00f8r innen Energi og Milj\u00f8 fra NTNU, med en spesialisering innen industriell \u00f8kologi. Han har tidligere ogs\u00e5 jobbet som prosjektleder i et selskap som produserer industriteknisk utstyr.<\/p>\n<h5>Du kan oppleve Dan Jacob Wangen p\u00e5:<\/h5>\n<ul>\n<li>Techpoint Global Impact, 14. sep. del 3: 13:00 &#8211; 14.15<\/li>\n<li>Sted: Thon Hotel, Stup<\/li>\n<\/ul>\n<p><a href=\"https:\/\/techpointconference.no\/en\/program\/\">Les mer p\u00e5 Program<\/a><\/p>\n","protected":false},"featured_media":2103,"template":"","Conference years":[6],"class_list":["post-2102","speaker","type-speaker","status-publish","has-post-thumbnail","hentry","conference-year-past-speakers"],"acf":[],"yoast_head":"<!-- This site is optimized with the Yoast SEO plugin v27.0 - https:\/\/yoast.com\/product\/yoast-seo-wordpress\/ -->\n<title>Dan Jakob Wangen - Techpoint 2026 (en)<\/title>\n<meta name=\"robots\" content=\"index, follow, max-snippet:-1, max-image-preview:large, max-video-preview:-1\" \/>\n<link rel=\"canonical\" href=\"https:\/\/techpointconference.no\/en\/blog\/speaker\/dan-jakob-wangen\/\" \/>\n<meta property=\"og:locale\" content=\"en_GB\" \/>\n<meta property=\"og:type\" content=\"article\" \/>\n<meta property=\"og:title\" content=\"Dan Jakob Wangen - Techpoint 2026 (en)\" \/>\n<meta property=\"og:description\" content=\"Dan Jakob Wangen er Partner i EY og leder av klima og b\u00e6rekraftsavdelingen i Norge. Han har de siste \u00e5rene jobbet med b\u00e6rekraft p\u00e5 tvers av mange ulike sektorer, som blant annet energi, prosessindustri, bioindustri, avfallsbehandling, finans, detaljhandel og kunnskapsformidling. Dan har erfaring fra en rekke ulike type prosjekter tilknyttet klima, strategi, omstilling og rapportering, [&hellip;]\" \/>\n<meta property=\"og:url\" content=\"https:\/\/techpointconference.no\/en\/blog\/speaker\/dan-jakob-wangen\/\" \/>\n<meta property=\"og:site_name\" content=\"Techpoint 2026 (en)\" \/>\n<meta property=\"article:modified_time\" content=\"2023-10-30T12:04:27+00:00\" \/>\n<meta property=\"og:image\" content=\"https:\/\/techpointconference.no\/en\/wp-content\/uploads\/sites\/2\/2023\/06\/ey-dan-jakob-wangen-v3.jpg.rendition.3840.2560-scaled-e1686039404802.jpg\" \/>\n\t<meta property=\"og:image:width\" content=\"1612\" \/>\n\t<meta property=\"og:image:height\" content=\"1464\" \/>\n\t<meta property=\"og:image:type\" content=\"image\/jpeg\" \/>\n<meta name=\"twitter:card\" content=\"summary_large_image\" \/>\n<meta name=\"twitter:label1\" content=\"Estimated reading time\" \/>\n\t<meta name=\"twitter:data1\" content=\"1 minute\" \/>\n<script type=\"application\/ld+json\" class=\"yoast-schema-graph\">{\"@context\":\"https:\/\/schema.org\",\"@graph\":[{\"@type\":\"WebPage\",\"@id\":\"https:\/\/techpointconference.no\/en\/blog\/speaker\/dan-jakob-wangen\/\",\"url\":\"https:\/\/techpointconference.no\/en\/blog\/speaker\/dan-jakob-wangen\/\",\"name\":\"Dan Jakob Wangen - Techpoint 2026 (en)\",\"isPartOf\":{\"@id\":\"https:\/\/techpointconference.no\/en\/#website\"},\"primaryImageOfPage\":{\"@id\":\"https:\/\/techpointconference.no\/en\/blog\/speaker\/dan-jakob-wangen\/#primaryimage\"},\"image\":{\"@id\":\"https:\/\/techpointconference.no\/en\/blog\/speaker\/dan-jakob-wangen\/#primaryimage\"},\"thumbnailUrl\":\"https:\/\/techpointconference.no\/en\/wp-content\/uploads\/sites\/2\/2023\/06\/ey-dan-jakob-wangen-v3.jpg.rendition.3840.2560-scaled-e1686039404802.jpg\",\"datePublished\":\"2023-06-06T08:15:33+00:00\",\"dateModified\":\"2023-10-30T12:04:27+00:00\",\"breadcrumb\":{\"@id\":\"https:\/\/techpointconference.no\/en\/blog\/speaker\/dan-jakob-wangen\/#breadcrumb\"},\"inLanguage\":\"en-GB\",\"potentialAction\":[{\"@type\":\"ReadAction\",\"target\":[\"https:\/\/techpointconference.no\/en\/blog\/speaker\/dan-jakob-wangen\/\"]}]},{\"@type\":\"ImageObject\",\"inLanguage\":\"en-GB\",\"@id\":\"https:\/\/techpointconference.no\/en\/blog\/speaker\/dan-jakob-wangen\/#primaryimage\",\"url\":\"https:\/\/techpointconference.no\/en\/wp-content\/uploads\/sites\/2\/2023\/06\/ey-dan-jakob-wangen-v3.jpg.rendition.3840.2560-scaled-e1686039404802.jpg\",\"contentUrl\":\"https:\/\/techpointconference.no\/en\/wp-content\/uploads\/sites\/2\/2023\/06\/ey-dan-jakob-wangen-v3.jpg.rendition.3840.2560-scaled-e1686039404802.jpg\",\"width\":1612,\"height\":1464},{\"@type\":\"BreadcrumbList\",\"@id\":\"https:\/\/techpointconference.no\/en\/blog\/speaker\/dan-jakob-wangen\/#breadcrumb\",\"itemListElement\":[{\"@type\":\"ListItem\",\"position\":1,\"name\":\"Hjem\",\"item\":\"https:\/\/techpointconference.no\/en\/\"},{\"@type\":\"ListItem\",\"position\":2,\"name\":\"Dan Jakob Wangen\"}]},{\"@type\":\"WebSite\",\"@id\":\"https:\/\/techpointconference.no\/en\/#website\",\"url\":\"https:\/\/techpointconference.no\/en\/\",\"name\":\"Techpoint 2026\",\"description\":\"Norway\u2019s Leading Arena for AI and Business\",\"potentialAction\":[{\"@type\":\"SearchAction\",\"target\":{\"@type\":\"EntryPoint\",\"urlTemplate\":\"https:\/\/techpointconference.no\/en\/?s={search_term_string}\"},\"query-input\":{\"@type\":\"PropertyValueSpecification\",\"valueRequired\":true,\"valueName\":\"search_term_string\"}}],\"inLanguage\":\"en-GB\"}]}<\/script>\n<!-- \/ Yoast SEO plugin. -->","yoast_head_json":{"title":"Dan Jakob Wangen - Techpoint 2026 (en)","robots":{"index":"index","follow":"follow","max-snippet":"max-snippet:-1","max-image-preview":"max-image-preview:large","max-video-preview":"max-video-preview:-1"},"canonical":"https:\/\/techpointconference.no\/en\/blog\/speaker\/dan-jakob-wangen\/","og_locale":"en_GB","og_type":"article","og_title":"Dan Jakob Wangen - Techpoint 2026 (en)","og_description":"Dan Jakob Wangen er Partner i EY og leder av klima og b\u00e6rekraftsavdelingen i Norge. Han har de siste \u00e5rene jobbet med b\u00e6rekraft p\u00e5 tvers av mange ulike sektorer, som blant annet energi, prosessindustri, bioindustri, avfallsbehandling, finans, detaljhandel og kunnskapsformidling. Dan har erfaring fra en rekke ulike type prosjekter tilknyttet klima, strategi, omstilling og rapportering, [&hellip;]","og_url":"https:\/\/techpointconference.no\/en\/blog\/speaker\/dan-jakob-wangen\/","og_site_name":"Techpoint 2026 (en)","article_modified_time":"2023-10-30T12:04:27+00:00","og_image":[{"width":1612,"height":1464,"url":"https:\/\/techpointconference.no\/en\/wp-content\/uploads\/sites\/2\/2023\/06\/ey-dan-jakob-wangen-v3.jpg.rendition.3840.2560-scaled-e1686039404802.jpg","type":"image\/jpeg"}],"twitter_card":"summary_large_image","twitter_misc":{"Estimated reading time":"1 minute"},"schema":{"@context":"https:\/\/schema.org","@graph":[{"@type":"WebPage","@id":"https:\/\/techpointconference.no\/en\/blog\/speaker\/dan-jakob-wangen\/","url":"https:\/\/techpointconference.no\/en\/blog\/speaker\/dan-jakob-wangen\/","name":"Dan Jakob Wangen - Techpoint 2026 (en)","isPartOf":{"@id":"https:\/\/techpointconference.no\/en\/#website"},"primaryImageOfPage":{"@id":"https:\/\/techpointconference.no\/en\/blog\/speaker\/dan-jakob-wangen\/#primaryimage"},"image":{"@id":"https:\/\/techpointconference.no\/en\/blog\/speaker\/dan-jakob-wangen\/#primaryimage"},"thumbnailUrl":"https:\/\/techpointconference.no\/en\/wp-content\/uploads\/sites\/2\/2023\/06\/ey-dan-jakob-wangen-v3.jpg.rendition.3840.2560-scaled-e1686039404802.jpg","datePublished":"2023-06-06T08:15:33+00:00","dateModified":"2023-10-30T12:04:27+00:00","breadcrumb":{"@id":"https:\/\/techpointconference.no\/en\/blog\/speaker\/dan-jakob-wangen\/#breadcrumb"},"inLanguage":"en-GB","potentialAction":[{"@type":"ReadAction","target":["https:\/\/techpointconference.no\/en\/blog\/speaker\/dan-jakob-wangen\/"]}]},{"@type":"ImageObject","inLanguage":"en-GB","@id":"https:\/\/techpointconference.no\/en\/blog\/speaker\/dan-jakob-wangen\/#primaryimage","url":"https:\/\/techpointconference.no\/en\/wp-content\/uploads\/sites\/2\/2023\/06\/ey-dan-jakob-wangen-v3.jpg.rendition.3840.2560-scaled-e1686039404802.jpg","contentUrl":"https:\/\/techpointconference.no\/en\/wp-content\/uploads\/sites\/2\/2023\/06\/ey-dan-jakob-wangen-v3.jpg.rendition.3840.2560-scaled-e1686039404802.jpg","width":1612,"height":1464},{"@type":"BreadcrumbList","@id":"https:\/\/techpointconference.no\/en\/blog\/speaker\/dan-jakob-wangen\/#breadcrumb","itemListElement":[{"@type":"ListItem","position":1,"name":"Hjem","item":"https:\/\/techpointconference.no\/en\/"},{"@type":"ListItem","position":2,"name":"Dan Jakob Wangen"}]},{"@type":"WebSite","@id":"https:\/\/techpointconference.no\/en\/#website","url":"https:\/\/techpointconference.no\/en\/","name":"Techpoint 2026","description":"Norway\u2019s Leading Arena for AI and Business","potentialAction":[{"@type":"SearchAction","target":{"@type":"EntryPoint","urlTemplate":"https:\/\/techpointconference.no\/en\/?s={search_term_string}"},"query-input":{"@type":"PropertyValueSpecification","valueRequired":true,"valueName":"search_term_string"}}],"inLanguage":"en-GB"}]}},"_links":{"self":[{"href":"https:\/\/techpointconference.no\/en\/wp-json\/wp\/v2\/speaker\/2102","targetHints":{"allow":["GET"]}}],"collection":[{"href":"https:\/\/techpointconference.no\/en\/wp-json\/wp\/v2\/speaker"}],"about":[{"href":"https:\/\/techpointconference.no\/en\/wp-json\/wp\/v2\/types\/speaker"}],"wp:featuredmedia":[{"embeddable":true,"href":"https:\/\/techpointconference.no\/en\/wp-json\/wp\/v2\/media\/2103"}],"wp:attachment":[{"href":"https:\/\/techpointconference.no\/en\/wp-json\/wp\/v2\/media?parent=2102"}],"wp:term":[{"taxonomy":"conference-year","embeddable":true,"href":"https:\/\/techpointconference.no\/en\/wp-json\/wp\/v2\/Conference years?post=2102"}],"curies":[{"name":"wp","href":"https:\/\/api.w.org\/{rel}","templated":true}]}}

<p style="font-weight: 400;">Dan Jakob Wangen er Partner i EY og leder av klima og bærekraftsavdelingen i Norge.</p>
<p style="font-weight: 400;">Han har de siste årene jobbet med bærekraft på tvers av mange ulike sektorer, som blant annet energi, prosessindustri, bioindustri, avfallsbehandling, finans, detaljhandel og kunnskapsformidling. Dan har erfaring fra en rekke ulike type prosjekter tilknyttet klima, strategi, omstilling og rapportering, og fokuserer nå på å hjelpe norske selskaper med å forstå implikasjonene og bakgrunnen for den regulatoriske bølgen som slår innover næringslivet.</p>
<p style="font-weight: 400;">Dan er overbevist om at næringslivet er nøkkelen til det grønne skiftet og at riktig fokus på bærekraft og omstilling kan gi store konkurransefortrinn for bedrifter.</p>
<p style="font-weight: 400;">Han er utdannet sivilingeniør innen Energi og Miljø fra NTNU, med en spesialisering innen industriell økologi. Han har tidligere også jobbet som prosjektleder i et selskap som produserer industriteknisk utstyr.</p>
<h5>Du kan oppleve Dan Jacob Wangen på:</h5>
<ul>
<li>Techpoint Global Impact, 14. sep. del 3: 13:00 &#8211; 14.15</li>
<li>Sted: Thon Hotel, Stup</li>
</ul>
<p><a href="https://techpointconference.no/en/program/">Les mer på Program</a></p>

<!-- This site is optimized with the Yoast SEO plugin v27.0 - https://yoast.com/product/yoast-seo-wordpress/ -->
<title>Dan Jakob Wangen - Techpoint 2026 (en)</title>
<meta name="robots" content="index, follow, max-snippet:-1, max-image-preview:large, max-video-preview:-1" />
<link rel="canonical" href="https://techpointconference.no/en/blog/speaker/dan-jakob-wangen/" />
<meta property="og:locale" content="en_GB" />
<meta property="og:type" content="article" />
<meta property="og:title" content="Dan Jakob Wangen - Techpoint 2026 (en)" />
<meta property="og:description" content="Dan Jakob Wangen er Partner i EY og leder av klima og bærekraftsavdelingen i Norge. Han har de siste årene jobbet med bærekraft på tvers av mange ulike sektorer, som blant annet energi, prosessindustri, bioindustri, avfallsbehandling, finans, detaljhandel og kunnskapsformidling. Dan har erfaring fra en rekke ulike type prosjekter tilknyttet klima, strategi, omstilling og rapportering, [&hellip;]" />
<meta property="og:url" content="https://techpointconference.no/en/blog/speaker/dan-jakob-wangen/" />
<meta property="og:site_name" content="Techpoint 2026 (en)" />
<meta property="article:modified_time" content="2023-10-30T12:04:27+00:00" />
<meta property="og:image" content="https://techpointconference.no/en/wp-content/uploads/sites/2/2023/06/ey-dan-jakob-wangen-v3.jpg.rendition.3840.2560-scaled-e1686039404802.jpg" />
	<meta property="og:image:width" content="1612" />
	<meta property="og:image:height" content="1464" />
	<meta property="og:image:type" content="image/jpeg" />
<meta name="twitter:card" content="summary_large_image" />
<meta name="twitter:label1" content="Estimated reading time" />
	<meta name="twitter:data1" content="1 minute" />
<script type="application/ld+json" class="yoast-schema-graph">{"@context":"https://schema.org","@graph":[{"@type":"WebPage","@id":"https://techpointconference.no/en/blog/speaker/dan-jakob-wangen/","url":"https://techpointconference.no/en/blog/speaker/dan-jakob-wangen/","name":"Dan Jakob Wangen - Techpoint 2026 (en)","isPartOf":{"@id":"https://techpointconference.no/en/#website"},"primaryImageOfPage":{"@id":"https://techpointconference.no/en/blog/speaker/dan-jakob-wangen/#primaryimage"},"image":{"@id":"https://techpointconference.no/en/blog/speaker/dan-jakob-wangen/#primaryimage"},"thumbnailUrl":"https://techpointconference.no/en/wp-content/uploads/sites/2/2023/06/ey-dan-jakob-wangen-v3.jpg.rendition.3840.2560-scaled-e1686039404802.jpg","datePublished":"2023-06-06T08:15:33+00:00","dateModified":"2023-10-30T12:04:27+00:00","breadcrumb":{"@id":"https://techpointconference.no/en/blog/speaker/dan-jakob-wangen/#breadcrumb"},"inLanguage":"en-GB","potentialAction":[{"@type":"ReadAction","target":["https://techpointconference.no/en/blog/speaker/dan-jakob-wangen/"]}]},{"@type":"ImageObject","inLanguage":"en-GB","@id":"https://techpointconference.no/en/blog/speaker/dan-jakob-wangen/#primaryimage","url":"https://techpointconference.no/en/wp-content/uploads/sites/2/2023/06/ey-dan-jakob-wangen-v3.jpg.rendition.3840.2560-scaled-e1686039404802.jpg","contentUrl":"https://techpointconference.no/en/wp-content/uploads/sites/2/2023/06/ey-dan-jakob-wangen-v3.jpg.rendition.3840.2560-scaled-e1686039404802.jpg","width":1612,"height":1464},{"@type":"BreadcrumbList","@id":"https://techpointconference.no/en/blog/speaker/dan-jakob-wangen/#breadcrumb","itemListElement":[{"@type":"ListItem","position":1,"name":"Hjem","item":"https://techpointconference.no/en/"},{"@type":"ListItem","position":2,"name":"Dan Jakob Wangen"}]},{"@type":"WebSite","@id":"https://techpointconference.no/en/#website","url":"https://techpointconference.no/en/","name":"Techpoint 2026","description":"Norway’s Leading Arena for AI and Business","potentialAction":[{"@type":"SearchAction","target":{"@type":"EntryPoint","urlTemplate":"https://techpointconference.no/en/?s={search_term_string}"},"query-input":{"@type":"PropertyValueSpecification","valueRequired":true,"valueName":"search_term_string"}}],"inLanguage":"en-GB"}]}</script>
<!-- / Yoast SEO plugin. -->

Dan Jakob Wangen er Partner i EY og leder av klima og bærekraftsavdelingen i Norge. Han har de siste årene jobbet med bærekraft på tvers av mange ulike sektorer, som blant annet energi, prosessindustri, bioindustri, avfallsbehandling, finans, detaljhandel og kunnskapsformidling. Dan har erfaring fra en rekke ulike type prosjekter tilknyttet klima, strategi, omstilling og rapportering, [&hellip;]
